{"id":1227,"date":"2023-10-15T19:22:34","date_gmt":"2023-10-15T17:22:34","guid":{"rendered":"https:\/\/ff-nendorf-frestorf.de\/?page_id=1227"},"modified":"2023-12-01T11:01:31","modified_gmt":"2023-12-01T09:01:31","slug":"ueber-uns","status":"publish","type":"page","link":"https:\/\/ff-nendorf-frestorf.de\/en\/ueber-uns\/","title":{"rendered":"About us"},"content":{"rendered":"<div class=\"wp-block-buttons is-layout-flex wp-block-buttons-is-layout-flex\">\n<div class=\"wp-block-button\"><a class=\"wp-block-button__link wp-element-button\" href=\"#navigation\">Themen-Navigation:<\/a><\/div>\n\n\n\n<div class=\"wp-block-button\"><a class=\"wp-block-button__link wp-element-button\" href=\"#kommando\">Kommando<\/a><\/div>\n\n\n\n<div class=\"wp-block-button\"><a class=\"wp-block-button__link wp-element-button\" href=\"#fahrzeuge\">Vehicles<\/a><\/div>\n\n\n\n<div class=\"wp-block-button\"><a class=\"wp-block-button__link wp-element-button\" href=\"#termine\">Termine<\/a><\/div>\n<\/div>\n\n\n<h3>Das sind wir:<\/h3>\n<p>Platzhalter Kurzfassung Chronik<\/p>\n\n\n<hr class=\"wp-block-separator has-alpha-channel-opacity is-style-wide\"\/>\n\n\n\n<div class=\"wp-block-columns is-layout-flex wp-container-core-columns-is-layout-995f960e wp-block-columns-is-layout-flex\" id=\"navigation\">\n<div class=\"wp-block-column is-layout-flow wp-block-column-is-layout-flow\">\n<figure class=\"wp-block-image size-full has-custom-border is-style-default\" id=\"kommando\"><img loading=\"lazy\" decoding=\"async\" width=\"1920\" height=\"1080\" src=\"https:\/\/ff-nendorf-frestorf.de\/wp-content\/uploads\/2023\/12\/kommando.png\" alt=\"\" class=\"wp-image-2361\" style=\"border-radius:10px;aspect-ratio:16\/9;object-fit:cover\" srcset=\"https:\/\/ff-nendorf-frestorf.de\/wp-content\/uploads\/2023\/12\/kommando.png 1920w, https:\/\/ff-nendorf-frestorf.de\/wp-content\/uploads\/2023\/12\/kommando-300x169.png 300w, https:\/\/ff-nendorf-frestorf.de\/wp-content\/uploads\/2023\/12\/kommando-1024x576.png 1024w, https:\/\/ff-nendorf-frestorf.de\/wp-content\/uploads\/2023\/12\/kommando-768x432.png 768w, https:\/\/ff-nendorf-frestorf.de\/wp-content\/uploads\/2023\/12\/kommando-1536x864.png 1536w, https:\/\/ff-nendorf-frestorf.de\/wp-content\/uploads\/2023\/12\/kommando-18x10.png 18w, https:\/\/ff-nendorf-frestorf.de\/wp-content\/uploads\/2023\/12\/kommando-200x113.png 200w\" sizes=\"auto, (max-width: 1920px) 100vw, 1920px\" \/><\/figure>\n<\/div>\n\n\n\n<div class=\"wp-block-column is-vertically-aligned-stretch is-layout-flow wp-block-column-is-layout-flow\">\n<h3>Kommando<\/h3>\n<p>Sehen Sie sich das Kommando der Freiwilligen Feuerwehr Nendorf-Frestorf bestehend aus allen Funktionstr\u00e4gern an und kontaktieren Sie diese direkt per E-Mail.<\/p>\n\n\n\n<div class=\"wp-block-buttons is-content-justification-left is-layout-flex wp-container-core-buttons-is-layout-7b4500cd wp-block-buttons-is-layout-flex\">\n<div class=\"wp-block-button\"><a class=\"wp-block-button__link wp-element-button\" href=\"https:\/\/ff-nendorf-frestorf.de\/en\/ueber-uns\/kommando\/\">Unser Kommando<\/a><\/div>\n<\/div>\n<\/div>\n<\/div>\n\n\n\n<hr class=\"wp-block-separator has-alpha-channel-opacity is-style-wide\"\/>\n\n\n\n<div class=\"wp-block-columns is-layout-flex wp-container-core-columns-is-layout-995f960e wp-block-columns-is-layout-flex\">\n<div class=\"wp-block-column is-layout-flow wp-block-column-is-layout-flow\">\n<figure class=\"wp-block-image size-full has-custom-border is-style-default\" id=\"fahrzeuge\"><img loading=\"lazy\" decoding=\"async\" width=\"1920\" height=\"1080\" src=\"https:\/\/ff-nendorf-frestorf.de\/wp-content\/uploads\/2023\/12\/fahrzeuge.png\" alt=\"\" class=\"wp-image-2360\" style=\"border-radius:10px;aspect-ratio:16\/9;object-fit:cover\" srcset=\"https:\/\/ff-nendorf-frestorf.de\/wp-content\/uploads\/2023\/12\/fahrzeuge.png 1920w, https:\/\/ff-nendorf-frestorf.de\/wp-content\/uploads\/2023\/12\/fahrzeuge-300x169.png 300w, https:\/\/ff-nendorf-frestorf.de\/wp-content\/uploads\/2023\/12\/fahrzeuge-1024x576.png 1024w, https:\/\/ff-nendorf-frestorf.de\/wp-content\/uploads\/2023\/12\/fahrzeuge-768x432.png 768w, https:\/\/ff-nendorf-frestorf.de\/wp-content\/uploads\/2023\/12\/fahrzeuge-1536x864.png 1536w, https:\/\/ff-nendorf-frestorf.de\/wp-content\/uploads\/2023\/12\/fahrzeuge-18x10.png 18w, https:\/\/ff-nendorf-frestorf.de\/wp-content\/uploads\/2023\/12\/fahrzeuge-200x113.png 200w\" sizes=\"auto, (max-width: 1920px) 100vw, 1920px\" \/><\/figure>\n<\/div>\n\n\n\n<div class=\"wp-block-column is-vertically-aligned-top is-layout-flow wp-block-column-is-layout-flow\">\n<h3>Vehicles<\/h3>\n<p>Sehen Sie sich den Fuhrpark der Freiwilligen Feuerwehr Nendorf-Frestorf an. Entdecken Sie die verschiedenen Fahrzeuge und spannende technische Details.<\/p>\n\n\n\n<div class=\"wp-block-buttons is-content-justification-left is-layout-flex wp-container-core-buttons-is-layout-7b4500cd wp-block-buttons-is-layout-flex\">\n<div class=\"wp-block-button\"><a class=\"wp-block-button__link wp-element-button\" href=\"https:\/\/ff-nendorf-frestorf.de\/en\/ueber-uns\/fahrzeuge\/\">Vehicles<\/a><\/div>\n<\/div>\n<\/div>\n<\/div>\n\n\n\n<hr class=\"wp-block-separator has-alpha-channel-opacity is-style-wide\"\/>\n\n\n\n<div class=\"wp-block-columns is-layout-flex wp-container-core-columns-is-layout-995f960e wp-block-columns-is-layout-flex\">\n<div class=\"wp-block-column is-layout-flow wp-block-column-is-layout-flow\">\n<figure class=\"wp-block-image size-full has-custom-border is-style-default\" id=\"termine\"><img loading=\"lazy\" decoding=\"async\" width=\"1920\" height=\"1080\" src=\"https:\/\/ff-nendorf-frestorf.de\/wp-content\/uploads\/2023\/12\/termine.png\" alt=\"\" class=\"wp-image-2362\" style=\"border-radius:10px;aspect-ratio:16\/9;object-fit:cover\" srcset=\"https:\/\/ff-nendorf-frestorf.de\/wp-content\/uploads\/2023\/12\/termine.png 1920w, https:\/\/ff-nendorf-frestorf.de\/wp-content\/uploads\/2023\/12\/termine-300x169.png 300w, https:\/\/ff-nendorf-frestorf.de\/wp-content\/uploads\/2023\/12\/termine-1024x576.png 1024w, https:\/\/ff-nendorf-frestorf.de\/wp-content\/uploads\/2023\/12\/termine-768x432.png 768w, https:\/\/ff-nendorf-frestorf.de\/wp-content\/uploads\/2023\/12\/termine-1536x864.png 1536w, https:\/\/ff-nendorf-frestorf.de\/wp-content\/uploads\/2023\/12\/termine-18x10.png 18w, https:\/\/ff-nendorf-frestorf.de\/wp-content\/uploads\/2023\/12\/termine-200x113.png 200w\" sizes=\"auto, (max-width: 1920px) 100vw, 1920px\" \/><\/figure>\n<\/div>\n\n\n\n<div class=\"wp-block-column is-vertically-aligned-stretch is-layout-flow wp-block-column-is-layout-flow\">\n<h3>Terminkalender<\/h3>\n<p>Sind Sie neugierig geworden und m\u00f6chten nun wissen, wann \u00f6ffentliche Termine und \u00dcbungsdienste stattfinden? Dann ist unser Terminkalender genau das Richtige f\u00fcr Sie!<\/p>\n\n\n\n<div class=\"wp-block-buttons is-content-justification-left is-layout-flex wp-container-core-buttons-is-layout-7b4500cd wp-block-buttons-is-layout-flex\">\n<div class=\"wp-block-button\"><a class=\"wp-block-button__link wp-element-button\" href=\"https:\/\/ff-nendorf-frestorf.de\/en\/kalender\/\">Unser Terminkalender<\/a><\/div>\n<\/div>\n<\/div>\n<\/div>","protected":false},"excerpt":{"rendered":"<p>Das sind wir: Platzhalter Kurzfassung Chronik Kommando Sehen Sie sich das Kommando der Freiwilligen Feuerwehr Nendorf-Frestorf bestehend aus allen Funktionstr\u00e4gern an und kontaktieren Sie diese direkt per E-Mail. Fahrzeuge Sehen Sie sich den Fuhrpark der Freiwilligen Feuerwehr Nendorf-Frestorf an. Entdecken Sie die verschiedenen Fahrzeuge und spannende technische Details. Terminkalender Sind Sie neugierig geworden und m\u00f6chten [&hellip;]<\/p>\n","protected":false},"author":2,"featured_media":0,"parent":0,"menu_order":0,"comment_status":"closed","ping_status":"closed","template":"","meta":{"footnotes":""},"class_list":["post-1227","page","type-page","status-publish","hentry"],"blocksy_meta":[],"aioseo_notices":[],"mb":[],"mfb_rest_fields":["title","blocksy_meta","aioseo_notices"],"_links":{"self":[{"href":"https:\/\/ff-nendorf-frestorf.de\/en\/wp-json\/wp\/v2\/pages\/1227","targetHints":{"allow":["GET"]}}],"collection":[{"href":"https:\/\/ff-nendorf-frestorf.de\/en\/wp-json\/wp\/v2\/pages"}],"about":[{"href":"https:\/\/ff-nendorf-frestorf.de\/en\/wp-json\/wp\/v2\/types\/page"}],"author":[{"embeddable":true,"href":"https:\/\/ff-nendorf-frestorf.de\/en\/wp-json\/wp\/v2\/users\/2"}],"replies":[{"embeddable":true,"href":"https:\/\/ff-nendorf-frestorf.de\/en\/wp-json\/wp\/v2\/comments?post=1227"}],"version-history":[{"count":25,"href":"https:\/\/ff-nendorf-frestorf.de\/en\/wp-json\/wp\/v2\/pages\/1227\/revisions"}],"predecessor-version":[{"id":2363,"href":"https:\/\/ff-nendorf-frestorf.de\/en\/wp-json\/wp\/v2\/pages\/1227\/revisions\/2363"}],"wp:attachment":[{"href":"https:\/\/ff-nendorf-frestorf.de\/en\/wp-json\/wp\/v2\/media?parent=1227"}],"curies":[{"name":"wp","href":"https:\/\/api.w.org\/{rel}","templated":true}]}}

<div class="wp-block-buttons is-layout-flex wp-block-buttons-is-layout-flex">
<div class="wp-block-button"><a class="wp-block-button__link wp-element-button" href="#navigation">Themen-Navigation:</a></div>



<div class="wp-block-button"><a class="wp-block-button__link wp-element-button" href="#kommando">Kommando</a></div>



<div class="wp-block-button"><a class="wp-block-button__link wp-element-button" href="#fahrzeuge">Vehicles</a></div>



<div class="wp-block-button"><a class="wp-block-button__link wp-element-button" href="#termine">Termine</a></div>
</div>


<h3>Das sind wir:</h3>
<p>Platzhalter Kurzfassung Chronik</p>


<hr class="wp-block-separator has-alpha-channel-opacity is-style-wide"/>



<div class="wp-block-columns is-layout-flex wp-container-core-columns-is-layout-995f960e wp-block-columns-is-layout-flex" id="navigation">
<div class="wp-block-column is-layout-flow wp-block-column-is-layout-flow">
<figure class="wp-block-image size-full has-custom-border is-style-default" id="kommando"><img loading="lazy" decoding="async" width="1920" height="1080" src="https://ff-nendorf-frestorf.de/wp-content/uploads/2023/12/kommando.png" alt="" class="wp-image-2361" style="border-radius:10px;aspect-ratio:16/9;object-fit:cover" srcset="https://ff-nendorf-frestorf.de/wp-content/uploads/2023/12/kommando.png 1920w, https://ff-nendorf-frestorf.de/wp-content/uploads/2023/12/kommando-300x169.png 300w, https://ff-nendorf-frestorf.de/wp-content/uploads/2023/12/kommando-1024x576.png 1024w, https://ff-nendorf-frestorf.de/wp-content/uploads/2023/12/kommando-768x432.png 768w, https://ff-nendorf-frestorf.de/wp-content/uploads/2023/12/kommando-1536x864.png 1536w, https://ff-nendorf-frestorf.de/wp-content/uploads/2023/12/kommando-18x10.png 18w, https://ff-nendorf-frestorf.de/wp-content/uploads/2023/12/kommando-200x113.png 200w" sizes="auto, (max-width: 1920px) 100vw, 1920px" /></figure>
</div>



<div class="wp-block-column is-vertically-aligned-stretch is-layout-flow wp-block-column-is-layout-flow">
<h3>Kommando</h3>
<p>Sehen Sie sich das Kommando der Freiwilligen Feuerwehr Nendorf-Frestorf bestehend aus allen Funktionsträgern an und kontaktieren Sie diese direkt per E-Mail.</p>



<div class="wp-block-buttons is-content-justification-left is-layout-flex wp-container-core-buttons-is-layout-7b4500cd wp-block-buttons-is-layout-flex">
<div class="wp-block-button"><a class="wp-block-button__link wp-element-button" href="https://ff-nendorf-frestorf.de/en/ueber-uns/kommando/">Unser Kommando</a></div>
</div>
</div>
</div>



<hr class="wp-block-separator has-alpha-channel-opacity is-style-wide"/>



<div class="wp-block-columns is-layout-flex wp-container-core-columns-is-layout-995f960e wp-block-columns-is-layout-flex">
<div class="wp-block-column is-layout-flow wp-block-column-is-layout-flow">
<figure class="wp-block-image size-full has-custom-border is-style-default" id="fahrzeuge"><img loading="lazy" decoding="async" width="1920" height="1080" src="https://ff-nendorf-frestorf.de/wp-content/uploads/2023/12/fahrzeuge.png" alt="" class="wp-image-2360" style="border-radius:10px;aspect-ratio:16/9;object-fit:cover" srcset="https://ff-nendorf-frestorf.de/wp-content/uploads/2023/12/fahrzeuge.png 1920w, https://ff-nendorf-frestorf.de/wp-content/uploads/2023/12/fahrzeuge-300x169.png 300w, https://ff-nendorf-frestorf.de/wp-content/uploads/2023/12/fahrzeuge-1024x576.png 1024w, https://ff-nendorf-frestorf.de/wp-content/uploads/2023/12/fahrzeuge-768x432.png 768w, https://ff-nendorf-frestorf.de/wp-content/uploads/2023/12/fahrzeuge-1536x864.png 1536w, https://ff-nendorf-frestorf.de/wp-content/uploads/2023/12/fahrzeuge-18x10.png 18w, https://ff-nendorf-frestorf.de/wp-content/uploads/2023/12/fahrzeuge-200x113.png 200w" sizes="auto, (max-width: 1920px) 100vw, 1920px" /></figure>
</div>



<div class="wp-block-column is-vertically-aligned-top is-layout-flow wp-block-column-is-layout-flow">
<h3>Vehicles</h3>
<p>Sehen Sie sich den Fuhrpark der Freiwilligen Feuerwehr Nendorf-Frestorf an. Entdecken Sie die verschiedenen Fahrzeuge und spannende technische Details.</p>



<div class="wp-block-buttons is-content-justification-left is-layout-flex wp-container-core-buttons-is-layout-7b4500cd wp-block-buttons-is-layout-flex">
<div class="wp-block-button"><a class="wp-block-button__link wp-element-button" href="https://ff-nendorf-frestorf.de/en/ueber-uns/fahrzeuge/">Vehicles</a></div>
</div>
</div>
</div>



<hr class="wp-block-separator has-alpha-channel-opacity is-style-wide"/>



<div class="wp-block-columns is-layout-flex wp-container-core-columns-is-layout-995f960e wp-block-columns-is-layout-flex">
<div class="wp-block-column is-layout-flow wp-block-column-is-layout-flow">
<figure class="wp-block-image size-full has-custom-border is-style-default" id="termine"><img loading="lazy" decoding="async" width="1920" height="1080" src="https://ff-nendorf-frestorf.de/wp-content/uploads/2023/12/termine.png" alt="" class="wp-image-2362" style="border-radius:10px;aspect-ratio:16/9;object-fit:cover" srcset="https://ff-nendorf-frestorf.de/wp-content/uploads/2023/12/termine.png 1920w, https://ff-nendorf-frestorf.de/wp-content/uploads/2023/12/termine-300x169.png 300w, https://ff-nendorf-frestorf.de/wp-content/uploads/2023/12/termine-1024x576.png 1024w, https://ff-nendorf-frestorf.de/wp-content/uploads/2023/12/termine-768x432.png 768w, https://ff-nendorf-frestorf.de/wp-content/uploads/2023/12/termine-1536x864.png 1536w, https://ff-nendorf-frestorf.de/wp-content/uploads/2023/12/termine-18x10.png 18w, https://ff-nendorf-frestorf.de/wp-content/uploads/2023/12/termine-200x113.png 200w" sizes="auto, (max-width: 1920px) 100vw, 1920px" /></figure>
</div>



<div class="wp-block-column is-vertically-aligned-stretch is-layout-flow wp-block-column-is-layout-flow">
<h3>Terminkalender</h3>
<p>Sind Sie neugierig geworden und möchten nun wissen, wann öffentliche Termine und Übungsdienste stattfinden? Dann ist unser Terminkalender genau das Richtige für Sie!</p>



<div class="wp-block-buttons is-content-justification-left is-layout-flex wp-container-core-buttons-is-layout-7b4500cd wp-block-buttons-is-layout-flex">
<div class="wp-block-button"><a class="wp-block-button__link wp-element-button" href="https://ff-nendorf-frestorf.de/en/kalender/">Unser Terminkalender</a></div>
</div>
</div>
</div>

<p>Das sind wir: Platzhalter Kurzfassung Chronik Kommando Sehen Sie sich das Kommando der Freiwilligen Feuerwehr Nendorf-Frestorf bestehend aus allen Funktionsträgern an und kontaktieren Sie diese direkt per E-Mail. Fahrzeuge Sehen Sie sich den Fuhrpark der Freiwilligen Feuerwehr Nendorf-Frestorf an. Entdecken Sie die verschiedenen Fahrzeuge und spannende technische Details. Terminkalender Sind Sie neugierig geworden und möchten [&hellip;]</p>
