{"id":3380,"date":"2025-11-13T16:24:45","date_gmt":"2025-11-13T15:24:45","guid":{"rendered":"https:\/\/ff-nendorf-frestorf.de\/?post_type=fahrzeuge&#038;p=3380"},"modified":"2025-11-13T16:28:20","modified_gmt":"2025-11-13T15:28:20","slug":"anhaenger","status":"publish","type":"fahrzeuge","link":"https:\/\/ff-nendorf-frestorf.de\/en\/ueber-uns\/fahrzeuge\/anhaenger\/","title":{"rendered":"Anh\u00e4nger"},"content":{"rendered":"<div class=\"wp-block-cover\"><span aria-hidden=\"true\" class=\"wp-block-cover__background has-background-dim\" style=\"background-color:#747d7e\"><\/span><img loading=\"lazy\" decoding=\"async\" width=\"2560\" height=\"1635\" src=\"https:\/\/ff-nendorf-frestorf.de\/wp-content\/uploads\/2024\/07\/TH-VU-Rauher-Busch-B61-scaled.webp\" class=\"wp-block-cover__image-background not-transparent wp-post-image\" alt=\"Auf dem Bild sind die beiden Unfallw\u00e4gen zu sehen.\" data-object-fit=\"cover\" srcset=\"https:\/\/ff-nendorf-frestorf.de\/wp-content\/uploads\/2024\/07\/TH-VU-Rauher-Busch-B61-scaled.webp 2560w, https:\/\/ff-nendorf-frestorf.de\/wp-content\/uploads\/2024\/07\/TH-VU-Rauher-Busch-B61-300x192.webp 300w, https:\/\/ff-nendorf-frestorf.de\/wp-content\/uploads\/2024\/07\/TH-VU-Rauher-Busch-B61-1024x654.webp 1024w, https:\/\/ff-nendorf-frestorf.de\/wp-content\/uploads\/2024\/07\/TH-VU-Rauher-Busch-B61-768x491.webp 768w, https:\/\/ff-nendorf-frestorf.de\/wp-content\/uploads\/2024\/07\/TH-VU-Rauher-Busch-B61-1536x981.webp 1536w, https:\/\/ff-nendorf-frestorf.de\/wp-content\/uploads\/2024\/07\/TH-VU-Rauher-Busch-B61-2048x1308.webp 2048w, https:\/\/ff-nendorf-frestorf.de\/wp-content\/uploads\/2024\/07\/TH-VU-Rauher-Busch-B61-18x12.webp 18w, https:\/\/ff-nendorf-frestorf.de\/wp-content\/uploads\/2024\/07\/TH-VU-Rauher-Busch-B61-200x128.webp 200w\" sizes=\"auto, (max-width: 2560px) 100vw, 2560px\" data-has-transparency=\"false\" data-dominant-color=\"616d6a\" style=\"--dominant-color: #616d6a;\" \/><div class=\"wp-block-cover__inner-container is-layout-constrained wp-block-cover-is-layout-constrained\">\n<p class=\"has-text-align-center has-palette-color-8-color has-text-color has-link-color has-x-large-font-size wp-elements-1 wp-block-paragraph\"><strong>Anh\u00e4nger<\/strong><\/p>\n<\/div><\/div>\n\n\n\n<p class=\"has-medium-font-size wp-block-paragraph\"><strong>Allgemeiner Logistikanh\u00e4nger<\/strong><\/p>\n\n\n\n<div class=\"wp-block-columns is-not-stacked-on-mobile has-border-color is-layout-flex wp-container-core-columns-is-layout-f6394e79 wp-block-columns-is-layout-flex\" style=\"border-color:var(--theme-palette-color-1, #fa2828);border-radius:5px;padding-top:var(--wp--preset--spacing--20);padding-right:var(--wp--preset--spacing--20);padding-bottom:var(--wp--preset--spacing--20);padding-left:var(--wp--preset--spacing--20)\">\n<div class=\"wp-block-column is-layout-flow wp-block-column-is-layout-flow\" style=\"border-right-color:var(--wp--preset--color--palette-color-1);padding-right:var(--wp--preset--spacing--30);padding-left:0;flex-basis:30%\">\n<p class=\"wp-block-paragraph\" style=\"font-style:normal;font-weight:600\">Funkrufname<\/p>\n\n\n\n<p class=\"wp-block-paragraph\" style=\"font-style:normal;font-weight:600\">Kennzeichen<\/p>\n\n\n\n<hr class=\"wp-block-separator has-alpha-channel-opacity is-style-wide\"\/>\n\n\n\n<p class=\"wp-block-paragraph\" style=\"font-style:normal;font-weight:600\">Besatzung<\/p>\n\n\n\n<p class=\"wp-block-paragraph\" style=\"font-style:normal;font-weight:600\">Tank<\/p>\n\n\n\n<p class=\"wp-block-paragraph\" style=\"font-style:normal;font-weight:600\">AGT Pl\u00e4tze<\/p>\n\n\n\n<hr class=\"wp-block-separator has-alpha-channel-opacity is-style-wide\"\/>\n\n\n\n<p class=\"wp-block-paragraph\" style=\"font-style:normal;font-weight:600\">Gesamtmasse<\/p>\n\n\n\n<p class=\"wp-block-paragraph\" style=\"font-style:normal;font-weight:600\">Leermasse<\/p>\n\n\n\n<p class=\"wp-block-paragraph\" style=\"font-style:normal;font-weight:600\">L\u00e4nge<\/p>\n\n\n\n<p class=\"wp-block-paragraph\" style=\"font-style:normal;font-weight:600\">Breite<\/p>\n\n\n\n<p class=\"wp-block-paragraph\" style=\"font-style:normal;font-weight:600\">H\u00f6he<\/p>\n<\/div>\n\n\n\n<div class=\"wp-block-column is-layout-flow wp-block-column-is-layout-flow\"><div class=\"is-dynamic-field wp-block-mfb-meta-field-block\"><div class=\"value\">&#8211;<\/div><\/div>\n\n<div class=\"is-dynamic-field wp-block-mfb-meta-field-block\"><div class=\"value\">&#8211;<\/div><\/div>\n\n\n<hr class=\"wp-block-separator has-alpha-channel-opacity is-style-wide\"\/>\n\n\n<div class=\"is-dynamic-field wp-block-mfb-meta-field-block\"><div class=\"value\">&#8211;<\/div><\/div>\n\n<div class=\"is-display-inline-block is-dynamic-field wp-block-mfb-meta-field-block\"><div class=\"value\">&#8211;<\/div><div class=\"suffix\">Liter<\/div><\/div>\n\n<div class=\"is-display-inline-block is-dynamic-field wp-block-mfb-meta-field-block\"><div class=\"value\">&#8211;<\/div><\/div>\n\n\n<hr class=\"wp-block-separator has-alpha-channel-opacity is-style-wide\"\/>\n\n\n<div class=\"is-display-inline-block is-dynamic-field wp-block-mfb-meta-field-block\"><div class=\"value\">&#8211;<\/div><div class=\"suffix\">kg<\/div><\/div>\n\n<div class=\"is-display-inline-block is-dynamic-field wp-block-mfb-meta-field-block\"><div class=\"value\">&#8211;<\/div><div class=\"suffix\">kg<\/div><\/div>\n\n<div class=\"is-display-inline-block is-dynamic-field wp-block-mfb-meta-field-block\"><div class=\"value\">&#8211;<\/div><div class=\"suffix\">Meter<\/div><\/div>\n\n<div class=\"is-display-inline-block is-dynamic-field wp-block-mfb-meta-field-block\"><div class=\"value\">&#8211;<\/div><div class=\"suffix\">Meter<\/div><\/div>\n\n<div class=\"is-display-inline-block is-dynamic-field wp-block-mfb-meta-field-block\"><div class=\"value\">&#8211;<\/div><div class=\"suffix\">Meter<\/div><\/div><\/div>\n<\/div>\n\n\n\n<p class=\"wp-block-paragraph\">Der Anh\u00e4nger dient der Feuerwehr Nendorf-Frestorf zum allgemeinen Materialtransport. Bei l\u00e4ngeren Einsatzlagen kann er zudem als wettergesch\u00fctzter Aufenthaltsort f\u00fcr das Personal benutz werden.<\/p>","protected":false},"excerpt":{"rendered":"<p>Allgemeiner Logistikanh\u00e4nger Der Anh\u00e4nger dient der Feuerwehr Nendorf-Frestorf zum allgemeinen Materialtransport. Bei l\u00e4ngeren Einsatzlagen kann er zudem als wettergesch\u00fctzter Aufenthaltsort f\u00fcr das Personal benutz werden.<\/p>","protected":false},"featured_media":3020,"parent":0,"menu_order":0,"template":"","format":"standard","class_list":["post-3380","fahrzeuge","type-fahrzeuge","status-publish","format-standard","has-post-thumbnail","hentry"],"blocksy_meta":[],"aioseo_notices":[],"mb":[],"mfb_rest_fields":["title","blocksy_meta","aioseo_notices"],"_links":{"self":[{"href":"https:\/\/ff-nendorf-frestorf.de\/en\/wp-json\/wp\/v2\/fahrzeuge\/3380","targetHints":{"allow":["GET"]}}],"collection":[{"href":"https:\/\/ff-nendorf-frestorf.de\/en\/wp-json\/wp\/v2\/fahrzeuge"}],"about":[{"href":"https:\/\/ff-nendorf-frestorf.de\/en\/wp-json\/wp\/v2\/types\/fahrzeuge"}],"version-history":[{"count":3,"href":"https:\/\/ff-nendorf-frestorf.de\/en\/wp-json\/wp\/v2\/fahrzeuge\/3380\/revisions"}],"predecessor-version":[{"id":3384,"href":"https:\/\/ff-nendorf-frestorf.de\/en\/wp-json\/wp\/v2\/fahrzeuge\/3380\/revisions\/3384"}],"wp:featuredmedia":[{"embeddable":true,"href":"https:\/\/ff-nendorf-frestorf.de\/en\/wp-json\/wp\/v2\/media\/3020"}],"wp:attachment":[{"href":"https:\/\/ff-nendorf-frestorf.de\/en\/wp-json\/wp\/v2\/media?parent=3380"}],"curies":[{"name":"wp","href":"https:\/\/api.w.org\/{rel}","templated":true}]}}

Anhänger

<div class="wp-block-cover"><span aria-hidden="true" class="wp-block-cover__background has-background-dim" style="background-color:#747d7e"></span><img loading="lazy" decoding="async" width="2560" height="1635" src="https://ff-nendorf-frestorf.de/wp-content/uploads/2024/07/TH-VU-Rauher-Busch-B61-scaled.webp" class="wp-block-cover__image-background not-transparent wp-post-image" alt="Auf dem Bild sind die beiden Unfallwägen zu sehen." data-object-fit="cover" srcset="https://ff-nendorf-frestorf.de/wp-content/uploads/2024/07/TH-VU-Rauher-Busch-B61-scaled.webp 2560w, https://ff-nendorf-frestorf.de/wp-content/uploads/2024/07/TH-VU-Rauher-Busch-B61-300x192.webp 300w, https://ff-nendorf-frestorf.de/wp-content/uploads/2024/07/TH-VU-Rauher-Busch-B61-1024x654.webp 1024w, https://ff-nendorf-frestorf.de/wp-content/uploads/2024/07/TH-VU-Rauher-Busch-B61-768x491.webp 768w, https://ff-nendorf-frestorf.de/wp-content/uploads/2024/07/TH-VU-Rauher-Busch-B61-1536x981.webp 1536w, https://ff-nendorf-frestorf.de/wp-content/uploads/2024/07/TH-VU-Rauher-Busch-B61-2048x1308.webp 2048w, https://ff-nendorf-frestorf.de/wp-content/uploads/2024/07/TH-VU-Rauher-Busch-B61-18x12.webp 18w, https://ff-nendorf-frestorf.de/wp-content/uploads/2024/07/TH-VU-Rauher-Busch-B61-200x128.webp 200w" sizes="auto, (max-width: 2560px) 100vw, 2560px" data-has-transparency="false" data-dominant-color="616d6a" style="--dominant-color: #616d6a;" /><div class="wp-block-cover__inner-container is-layout-constrained wp-block-cover-is-layout-constrained">
<p class="has-text-align-center has-palette-color-8-color has-text-color has-link-color has-x-large-font-size wp-elements-1 wp-block-paragraph"><strong>Anhänger</strong></p>
</div></div>



<p class="has-medium-font-size wp-block-paragraph"><strong>Allgemeiner Logistikanhänger</strong></p>



<div class="wp-block-columns is-not-stacked-on-mobile has-border-color is-layout-flex wp-container-core-columns-is-layout-f6394e79 wp-block-columns-is-layout-flex" style="border-color:var(--theme-palette-color-1, #fa2828);border-radius:5px;padding-top:var(--wp--preset--spacing--20);padding-right:var(--wp--preset--spacing--20);padding-bottom:var(--wp--preset--spacing--20);padding-left:var(--wp--preset--spacing--20)">
<div class="wp-block-column is-layout-flow wp-block-column-is-layout-flow" style="border-right-color:var(--wp--preset--color--palette-color-1);padding-right:var(--wp--preset--spacing--30);padding-left:0;flex-basis:30%">
<p class="wp-block-paragraph" style="font-style:normal;font-weight:600">Funkrufname</p>



<p class="wp-block-paragraph" style="font-style:normal;font-weight:600">Kennzeichen</p>



<hr class="wp-block-separator has-alpha-channel-opacity is-style-wide"/>



<p class="wp-block-paragraph" style="font-style:normal;font-weight:600">Besatzung</p>



<p class="wp-block-paragraph" style="font-style:normal;font-weight:600">Tank</p>



<p class="wp-block-paragraph" style="font-style:normal;font-weight:600">AGT Plätze</p>



<hr class="wp-block-separator has-alpha-channel-opacity is-style-wide"/>



<p class="wp-block-paragraph" style="font-style:normal;font-weight:600">Gesamtmasse</p>



<p class="wp-block-paragraph" style="font-style:normal;font-weight:600">Leermasse</p>



<p class="wp-block-paragraph" style="font-style:normal;font-weight:600">Länge</p>



<p class="wp-block-paragraph" style="font-style:normal;font-weight:600">Breite</p>



<p class="wp-block-paragraph" style="font-style:normal;font-weight:600">Höhe</p>
</div>



<div class="wp-block-column is-layout-flow wp-block-column-is-layout-flow"><div class="is-dynamic-field wp-block-mfb-meta-field-block"><div class="value">&#8211;</div></div>

<div class="is-dynamic-field wp-block-mfb-meta-field-block"><div class="value">&#8211;</div></div>


<hr class="wp-block-separator has-alpha-channel-opacity is-style-wide"/>


<div class="is-dynamic-field wp-block-mfb-meta-field-block"><div class="value">&#8211;</div></div>

<div class="is-display-inline-block is-dynamic-field wp-block-mfb-meta-field-block"><div class="value">&#8211;</div><div class="suffix">Liter</div></div>

<div class="is-display-inline-block is-dynamic-field wp-block-mfb-meta-field-block"><div class="value">&#8211;</div></div>


<hr class="wp-block-separator has-alpha-channel-opacity is-style-wide"/>


<div class="is-display-inline-block is-dynamic-field wp-block-mfb-meta-field-block"><div class="value">&#8211;</div><div class="suffix">kg</div></div>

<div class="is-display-inline-block is-dynamic-field wp-block-mfb-meta-field-block"><div class="value">&#8211;</div><div class="suffix">kg</div></div>

<div class="is-display-inline-block is-dynamic-field wp-block-mfb-meta-field-block"><div class="value">&#8211;</div><div class="suffix">Meter</div></div>

<div class="is-display-inline-block is-dynamic-field wp-block-mfb-meta-field-block"><div class="value">&#8211;</div><div class="suffix">Meter</div></div>

<div class="is-display-inline-block is-dynamic-field wp-block-mfb-meta-field-block"><div class="value">&#8211;</div><div class="suffix">Meter</div></div></div>
</div>



<p class="wp-block-paragraph">Der Anhänger dient der Feuerwehr Nendorf-Frestorf zum allgemeinen Materialtransport. Bei längeren Einsatzlagen kann er zudem als wettergeschützter Aufenthaltsort für das Personal benutz werden.</p>

<p>Allgemeiner Logistikanhänger Der Anhänger dient der Feuerwehr Nendorf-Frestorf zum allgemeinen Materialtransport. Bei längeren Einsatzlagen kann er zudem als wettergeschützter Aufenthaltsort für das Personal benutz werden.</p>
