{"id":2982,"date":"2024-05-06T21:49:00","date_gmt":"2024-05-06T19:49:00","guid":{"rendered":"https:\/\/ff-nendorf-frestorf.de\/?post_type=einsatz&#038;p=2982"},"modified":"2024-05-26T19:15:09","modified_gmt":"2024-05-26T17:15:09","slug":"gebaudebrand-mittel-mit-dlk-amp-menschenleben-in-gefahr","status":"publish","type":"einsatz","link":"https:\/\/ff-nendorf-frestorf.de\/en\/einsatzberichte\/gebaudebrand-mittel-mit-dlk-amp-menschenleben-in-gefahr\/","title":{"rendered":"Geb\u00e4udebrand Mittel mit Menschenleben in Gefahr"},"content":{"rendered":"<p class=\"wp-block-paragraph\">Die Kameraden der ELO wurden am Montagabend um 21:49 Uhr im Rahmen der AAO zu einem Geb\u00e4udebrand Mittel mit den Zus\u00e4tzen DLK (Drehleiter) und Menschenleben in Gefahr nach Schinna alarmiert.<\/p>\n\n\n\n<p class=\"wp-block-paragraph\">Dort ist an der Stolzenauer Stra\u00dfe am sp\u00e4ten Montagabend ein landwirtschaftliches Anwesen in Brand geraten. Bei Eintreffen der ersten Einsatzkr\u00e4fte stand eine Wohnung bereits in Vollbrand, wie die Polizei mitteilte. Das Feuer hatte anschlie\u00dfend auf eine angrenzende Scheune \u00fcbergegriffen. Der Feuerwehr gelang es, den Brand schnell unter Kontrolle zu bekommen, eine weitere Ausdehnung des Feuers zu verhindern, einen gr\u00f6\u00dferen Schaden zu verhindern und den Brand zu l\u00f6schen. Verletzt wurde den weiteren Polizeiangaben zufolge niemand. Nach der Brandursache in Schinna wird derzeit noch gesucht. F\u00fcr die Dauer der L\u00f6scharbeiten wurde die Stolzenauer Stra\u00dfe f\u00fcr mehrere Stunden komplett gesperrt. Die Verkehrsteilnehmer mussten f\u00fcr einige Stunden den weitr\u00e4umig abgesperrten Bereich umfahren. \u201eZur Brandursache haben unsere Kollegen die Ermittlungen aufgenommen\u201c, teilte eine Polizeisprecherin weiter mit. Noch in der Nacht konnte die Polizei Entwarnung geben: Der Brand war vollst\u00e4ndig gel\u00f6scht. Die Stra\u00dfe ist rechtzeitig zum Start des Berufsverkehrs wieder freigegeben worden.<\/p>\n\n\n\n<p class=\"wp-block-paragraph\">Quelle: Die Harke, <a href=\"https:\/\/www.dieharke.de\/lokales\/nienburg-lk\/mittelweser\/feuer-in-schinna-haus-und-scheune-in-stolzenauer-strasse-in-brand-geraten-NCPMPQKIWVH3FFJ6ICKQQOBI4Q.html?utm_medium=Social&amp;utm_source=Facebook&amp;fbclid=IwZXh0bgNhZW0CMTEAAR36424TXZbEqZPUW1-Yd5hJMZaIHPC9qv_KRaXkaNI9gM-6dokvFZqWZzs_aem_AXzwauuK66wJASTwnAzNfZ3wd91_xT_wtnBevMGppGex2vhO7zHkio72TT9q7CH0uIwoDf6HHcv4nDjf-TLlUGuC#Echobox=1715056387\" target=\"_blank\" rel=\"noopener\" title=\"\">Feuer in Schinna: Haus und Scheune in Stolzenauer Stra\u00dfe in Brand geraten (dieharke.de)<\/a><\/p>","protected":false},"excerpt":{"rendered":"<p>Die Kameraden der ELO wurden am Montagabend zu einem Geb\u00e4udebrand Mittel mit den Zus\u00e4tzen DLK und Menschenleben in Gefahr nach Schinna alarmiert.<\/p>","protected":false},"author":5,"featured_media":2359,"template":"","meta":{"einsatz_weight":1,"footnotes":""},"categories":[],"tags":[],"einsatzart":[41],"fahrzeug":[37],"exteinsatzmittel":[78,69,81,70,59,145,42,46,63,87,88,90,44,146],"alarmierungsart":[33,34],"evw_unit":[123],"class_list":["post-2982","einsatz","type-einsatz","status-publish","has-post-thumbnail","hentry","einsatzart-elo","fahrzeug-mtw","exteinsatzmittel-elo-mittelweser","exteinsatzmittel-feuerwehr-anemolter","exteinsatzmittel-feuerwehr-holzhausen","exteinsatzmittel-feuerwehr-schinna","exteinsatzmittel-feuerwehr-stolzenau","exteinsatzmittel-feuerwehr-wellie","exteinsatzmittel-gem-bm","exteinsatzmittel-leiter-elo","exteinsatzmittel-logistikgruppe-mittelweser","exteinsatzmittel-polizei","exteinsatzmittel-rettungsdienst","exteinsatzmittel-rufdienst-ftz","exteinsatzmittel-stv-gem-bm-west","exteinsatzmittel-verwaltung-sg-mittelweser","alarmierungsart-dme","alarmierungsart-groupalarm","evw_unit-alarmgruppe-elo"],"blocksy_meta":[],"aioseo_notices":[],"_links":{"self":[{"href":"https:\/\/ff-nendorf-frestorf.de\/en\/wp-json\/wp\/v2\/einsatz\/2982","targetHints":{"allow":["GET"]}}],"collection":[{"href":"https:\/\/ff-nendorf-frestorf.de\/en\/wp-json\/wp\/v2\/einsatz"}],"about":[{"href":"https:\/\/ff-nendorf-frestorf.de\/en\/wp-json\/wp\/v2\/types\/einsatz"}],"author":[{"embeddable":true,"href":"https:\/\/ff-nendorf-frestorf.de\/en\/wp-json\/wp\/v2\/users\/5"}],"version-history":[{"count":3,"href":"https:\/\/ff-nendorf-frestorf.de\/en\/wp-json\/wp\/v2\/einsatz\/2982\/revisions"}],"predecessor-version":[{"id":2986,"href":"https:\/\/ff-nendorf-frestorf.de\/en\/wp-json\/wp\/v2\/einsatz\/2982\/revisions\/2986"}],"wp:featuredmedia":[{"embeddable":true,"href":"https:\/\/ff-nendorf-frestorf.de\/en\/wp-json\/wp\/v2\/media\/2359"}],"wp:attachment":[{"href":"https:\/\/ff-nendorf-frestorf.de\/en\/wp-json\/wp\/v2\/media?parent=2982"}],"wp:term":[{"taxonomy":"category","embeddable":true,"href":"https:\/\/ff-nendorf-frestorf.de\/en\/wp-json\/wp\/v2\/categories?post=2982"},{"taxonomy":"post_tag","embeddable":true,"href":"https:\/\/ff-nendorf-frestorf.de\/en\/wp-json\/wp\/v2\/tags?post=2982"},{"taxonomy":"einsatzart","embeddable":true,"href":"https:\/\/ff-nendorf-frestorf.de\/en\/wp-json\/wp\/v2\/einsatzart?post=2982"},{"taxonomy":"fahrzeug","embeddable":true,"href":"https:\/\/ff-nendorf-frestorf.de\/en\/wp-json\/wp\/v2\/fahrzeug?post=2982"},{"taxonomy":"exteinsatzmittel","embeddable":true,"href":"https:\/\/ff-nendorf-frestorf.de\/en\/wp-json\/wp\/v2\/exteinsatzmittel?post=2982"},{"taxonomy":"alarmierungsart","embeddable":true,"href":"https:\/\/ff-nendorf-frestorf.de\/en\/wp-json\/wp\/v2\/alarmierungsart?post=2982"},{"taxonomy":"evw_unit","embeddable":true,"href":"https:\/\/ff-nendorf-frestorf.de\/en\/wp-json\/wp\/v2\/evw_unit?post=2982"}],"curies":[{"name":"wp","href":"https:\/\/api.w.org\/{rel}","templated":true}]}}

Gebäudebrand Mittel mit Menschenleben in Gefahr

<p class="wp-block-paragraph">Die Kameraden der ELO wurden am Montagabend um 21:49 Uhr im Rahmen der AAO zu einem Gebäudebrand Mittel mit den Zusätzen DLK (Drehleiter) und Menschenleben in Gefahr nach Schinna alarmiert.</p>



<p class="wp-block-paragraph">Dort ist an der Stolzenauer Straße am späten Montagabend ein landwirtschaftliches Anwesen in Brand geraten. Bei Eintreffen der ersten Einsatzkräfte stand eine Wohnung bereits in Vollbrand, wie die Polizei mitteilte. Das Feuer hatte anschließend auf eine angrenzende Scheune übergegriffen. Der Feuerwehr gelang es, den Brand schnell unter Kontrolle zu bekommen, eine weitere Ausdehnung des Feuers zu verhindern, einen größeren Schaden zu verhindern und den Brand zu löschen. Verletzt wurde den weiteren Polizeiangaben zufolge niemand. Nach der Brandursache in Schinna wird derzeit noch gesucht. Für die Dauer der Löscharbeiten wurde die Stolzenauer Straße für mehrere Stunden komplett gesperrt. Die Verkehrsteilnehmer mussten für einige Stunden den weiträumig abgesperrten Bereich umfahren. „Zur Brandursache haben unsere Kollegen die Ermittlungen aufgenommen“, teilte eine Polizeisprecherin weiter mit. Noch in der Nacht konnte die Polizei Entwarnung geben: Der Brand war vollständig gelöscht. Die Straße ist rechtzeitig zum Start des Berufsverkehrs wieder freigegeben worden.</p>



<p class="wp-block-paragraph">Quelle: Die Harke, <a href="https://www.dieharke.de/lokales/nienburg-lk/mittelweser/feuer-in-schinna-haus-und-scheune-in-stolzenauer-strasse-in-brand-geraten-NCPMPQKIWVH3FFJ6ICKQQOBI4Q.html?utm_medium=Social&amp;utm_source=Facebook&amp;fbclid=IwZXh0bgNhZW0CMTEAAR36424TXZbEqZPUW1-Yd5hJMZaIHPC9qv_KRaXkaNI9gM-6dokvFZqWZzs_aem_AXzwauuK66wJASTwnAzNfZ3wd91_xT_wtnBevMGppGex2vhO7zHkio72TT9q7CH0uIwoDf6HHcv4nDjf-TLlUGuC#Echobox=1715056387" target="_blank" rel="noopener" title="">Feuer in Schinna: Haus und Scheune in Stolzenauer Straße in Brand geraten (dieharke.de)</a></p>

<p>Die Kameraden der ELO wurden am Montagabend zu einem Gebäudebrand Mittel mit den Zusätzen DLK und Menschenleben in Gefahr nach Schinna alarmiert.</p>
