{"id":2966,"date":"2024-04-16T20:35:00","date_gmt":"2024-04-16T18:35:00","guid":{"rendered":"https:\/\/ff-nendorf-frestorf.de\/?post_type=einsatz&#038;p=2966"},"modified":"2024-04-25T08:20:05","modified_gmt":"2024-04-25T06:20:05","slug":"vegetationsbrand","status":"publish","type":"einsatz","link":"https:\/\/ff-nendorf-frestorf.de\/en\/einsatzberichte\/vegetationsbrand\/","title":{"rendered":"Vegetationsbrand"},"content":{"rendered":"<p class=\"wp-block-paragraph\">Am Dienstagabend gegen 20:35 Uhr wurden wir w\u00e4hrend einer Funk\u00fcbung von anderen Kameraden, die auch an der Funk\u00fcbung teilnahmen, auf einen kleinen Vegetationsbrand im Bereich Diethe aufmerksam gemacht. Daraufhin fuhren wir mit unserem MTW von der \u00dcbung ins Ger\u00e4tehaus und r\u00fcckten mit unserem TLF zu der gemeldeten Einsatzstelle aus. Vor Ort wurde die gemeldete Stelle mit Wasser herunter gek\u00fchlt und konnte nach kurzer Zeit mit gutem Gewissen verlassen werden.<\/p>\n\n\n\n<hr class=\"wp-block-separator has-alpha-channel-opacity is-style-wide\"\/>\n\n\n\n<p class=\"wp-block-paragraph\">Kein offizieller Bericht der Kreisfeuerwehr vorhanden.<\/p>","protected":false},"excerpt":{"rendered":"<p>W\u00e4hrend einer der regelm\u00e4\u00dfigen Funk\u00fcbungen der Samtgemeindefeuerwehr wurden wir \u00fcber Funk auf einen Vegetationsbrand im Bereich Diethe aufmerksam gemacht.<\/p>","protected":false},"author":5,"featured_media":2359,"template":"","meta":{"einsatz_weight":1,"footnotes":""},"categories":[],"tags":[],"einsatzart":[29],"fahrzeug":[39],"exteinsatzmittel":[],"alarmierungsart":[144],"evw_unit":[],"class_list":["post-2966","einsatz","type-einsatz","status-publish","has-post-thumbnail","hentry","einsatzart-brand","fahrzeug-tlf-3000","alarmierungsart-funk"],"blocksy_meta":[],"aioseo_notices":[],"_links":{"self":[{"href":"https:\/\/ff-nendorf-frestorf.de\/en\/wp-json\/wp\/v2\/einsatz\/2966","targetHints":{"allow":["GET"]}}],"collection":[{"href":"https:\/\/ff-nendorf-frestorf.de\/en\/wp-json\/wp\/v2\/einsatz"}],"about":[{"href":"https:\/\/ff-nendorf-frestorf.de\/en\/wp-json\/wp\/v2\/types\/einsatz"}],"author":[{"embeddable":true,"href":"https:\/\/ff-nendorf-frestorf.de\/en\/wp-json\/wp\/v2\/users\/5"}],"version-history":[{"count":2,"href":"https:\/\/ff-nendorf-frestorf.de\/en\/wp-json\/wp\/v2\/einsatz\/2966\/revisions"}],"predecessor-version":[{"id":2969,"href":"https:\/\/ff-nendorf-frestorf.de\/en\/wp-json\/wp\/v2\/einsatz\/2966\/revisions\/2969"}],"wp:featuredmedia":[{"embeddable":true,"href":"https:\/\/ff-nendorf-frestorf.de\/en\/wp-json\/wp\/v2\/media\/2359"}],"wp:attachment":[{"href":"https:\/\/ff-nendorf-frestorf.de\/en\/wp-json\/wp\/v2\/media?parent=2966"}],"wp:term":[{"taxonomy":"category","embeddable":true,"href":"https:\/\/ff-nendorf-frestorf.de\/en\/wp-json\/wp\/v2\/categories?post=2966"},{"taxonomy":"post_tag","embeddable":true,"href":"https:\/\/ff-nendorf-frestorf.de\/en\/wp-json\/wp\/v2\/tags?post=2966"},{"taxonomy":"einsatzart","embeddable":true,"href":"https:\/\/ff-nendorf-frestorf.de\/en\/wp-json\/wp\/v2\/einsatzart?post=2966"},{"taxonomy":"fahrzeug","embeddable":true,"href":"https:\/\/ff-nendorf-frestorf.de\/en\/wp-json\/wp\/v2\/fahrzeug?post=2966"},{"taxonomy":"exteinsatzmittel","embeddable":true,"href":"https:\/\/ff-nendorf-frestorf.de\/en\/wp-json\/wp\/v2\/exteinsatzmittel?post=2966"},{"taxonomy":"alarmierungsart","embeddable":true,"href":"https:\/\/ff-nendorf-frestorf.de\/en\/wp-json\/wp\/v2\/alarmierungsart?post=2966"},{"taxonomy":"evw_unit","embeddable":true,"href":"https:\/\/ff-nendorf-frestorf.de\/en\/wp-json\/wp\/v2\/evw_unit?post=2966"}],"curies":[{"name":"wp","href":"https:\/\/api.w.org\/{rel}","templated":true}]}}

<p class="wp-block-paragraph">Am Dienstagabend gegen 20:35 Uhr wurden wir während einer Funkübung von anderen Kameraden, die auch an der Funkübung teilnahmen, auf einen kleinen Vegetationsbrand im Bereich Diethe aufmerksam gemacht. Daraufhin fuhren wir mit unserem MTW von der Übung ins Gerätehaus und rückten mit unserem TLF zu der gemeldeten Einsatzstelle aus. Vor Ort wurde die gemeldete Stelle mit Wasser herunter gekühlt und konnte nach kurzer Zeit mit gutem Gewissen verlassen werden.</p>



<hr class="wp-block-separator has-alpha-channel-opacity is-style-wide"/>



<p class="wp-block-paragraph">Kein offizieller Bericht der Kreisfeuerwehr vorhanden.</p>

<p>Während einer der regelmäßigen Funkübungen der Samtgemeindefeuerwehr wurden wir über Funk auf einen Vegetationsbrand im Bereich Diethe aufmerksam gemacht.</p>
