{"id":2962,"date":"2024-03-28T18:00:00","date_gmt":"2024-03-28T16:00:00","guid":{"rendered":"https:\/\/ff-nendorf-frestorf.de\/?post_type=einsatz&#038;p=2962"},"modified":"2024-05-19T16:28:40","modified_gmt":"2024-05-19T14:28:40","slug":"osterfeuer-2024","status":"publish","type":"einsatz","link":"https:\/\/ff-nendorf-frestorf.de\/en\/einsatzberichte\/osterfeuer-2024\/","title":{"rendered":"Osterfeuer 2024"},"content":{"rendered":"<p class=\"wp-block-paragraph\">Am 28.03.2024 fand das traditionelle Osterfeuer unserer Jugendfeuerwehr statt.<\/p>\n\n\n\n<p class=\"wp-block-paragraph\">Wie immer gab es f\u00fcr die Jugendlichen und ihre Betreuer viel zu tun. So musste im Vorfeld die Location hergerichtet werden. Damit es an nichts fehlt wurde direkt am Osterfeuer eine Theke aufgebaut und die angrenzende Halle der Familie Br\u00fcmmer in eine Party-Location verwandelt. In der Halle wurden eine Theke, Sitzgelegenheiten und eine Licht- und Tonanlage aufgebaut. Drau\u00dfen wurde frische Bratwurst oder Fleisch mit Pommes angeboten. Zus\u00e4tzlich wurden Waschm\u00f6glichkeiten geschaffen. Um den frischen Temperaturen zu entgegnen wurde auch an eine Heizung f\u00fcr die Halle gedacht.<\/p>\n\n\n\n<p class=\"wp-block-paragraph\">Damit das Feuer auch eine stattliche Gr\u00f6\u00dfe aufweist, ist auch eine Menge Vorarbeit notwendig. So bestand wie immer f\u00fcr die Ortsbewohner die M\u00f6glichkeit, ihr Brenngut nach vorheriger Anmeldung zuhause abholen zu lassen. Dabei erhielt die Jugendfeuerwehr wie immer tatkr\u00e4ftige Unterst\u00fctzung von den \u00f6rtlichen Landwirten, von denen ein gro\u00dfer Teil auch in der Feuerwehr ist. Dieser Einsatz ist nicht selbstverst\u00e4ndlich und verdient an dieser Stelle eine besondere Anerkennung.<\/p>\n\n\n\n<p class=\"wp-block-paragraph\">Zus\u00e4tzlich besteht aber auch die M\u00f6glichkeit f\u00fcr Bewohner aus den Nachbarorten ihr Brenngut selbstst\u00e4ndig an einem vorher kommunizierten Tag vorbeizubringen.<\/p>\n\n\n\n<p class=\"wp-block-paragraph\">Das Osterfeuer wurde wie \u00fcblich durch unsere Kinderfeuerwehr nach einem vorherigen Marsch mit Fackeln entz\u00fcndet. An diesem Fackelmarsch k\u00f6nnen alle Interessierten Kinder in Begleitung eines Erwachsenen teilnehmen.<\/p>\n\n\n\n<p class=\"wp-block-paragraph\">Wie immer wurde ausgelassen bis in die fr\u00fchen Morgenstunden getanzt und gefeiert. Auch das Osterfeuer 2024 wieder ein Magnet f\u00fcr Alt und Jung aus der Region. Gerade f\u00fcr die j\u00fcngere Generation hat sich das Osterfeuer in den letzten Jahren zu einem Treffpunkt entwickelt.<\/p>\n\n\n\n<p class=\"wp-block-paragraph\">Die Einsatzabteilung stellte w\u00e4hrend der gesamten Veranstaltung mit ein paar Kameraden eine Brandsicherheitswache. Zus\u00e4tzlich unterst\u00fctzen wir bei der Grillstation und den Theken mit Personal.<\/p>\n\n\n\n<p class=\"wp-block-paragraph\">Am n\u00e4chsten Morgen stand f\u00fcr die Jugendfeuerwehr der Abbau an. Nach ein paar Stunden war dieser beendet und es wurde sich noch einmal gemeinschaftlich mit Pommes und Bratwurst gest\u00e4rkt.<\/p>\n\n\n\n<p class=\"wp-block-paragraph\">Wir freuen uns auf das n\u00e4chste Jahr!<\/p>\n\n\n\n<figure class=\"wp-block-image size-large\"><img data-dominant-color=\"613d3d\" data-has-transparency=\"false\" style=\"--dominant-color: #613d3d;\" loading=\"lazy\" decoding=\"async\" width=\"1024\" height=\"899\" src=\"https:\/\/ff-nendorf-frestorf.de\/wp-content\/uploads\/2024\/04\/Osterfeuer-2024-jpg-e1714035646428-1024x899.webp\" alt=\"Osterfeuer brennt auf Acker\" class=\"wp-image-2973 not-transparent\" srcset=\"https:\/\/ff-nendorf-frestorf.de\/wp-content\/uploads\/2024\/04\/Osterfeuer-2024-jpg-e1714035646428-1024x899.webp 1024w, https:\/\/ff-nendorf-frestorf.de\/wp-content\/uploads\/2024\/04\/Osterfeuer-2024-jpg-e1714035646428-300x263.webp 300w, https:\/\/ff-nendorf-frestorf.de\/wp-content\/uploads\/2024\/04\/Osterfeuer-2024-jpg-e1714035646428-768x674.webp 768w, https:\/\/ff-nendorf-frestorf.de\/wp-content\/uploads\/2024\/04\/Osterfeuer-2024-jpg-e1714035646428-14x12.webp 14w, https:\/\/ff-nendorf-frestorf.de\/wp-content\/uploads\/2024\/04\/Osterfeuer-2024-jpg-e1714035646428-200x176.webp 200w, https:\/\/ff-nendorf-frestorf.de\/wp-content\/uploads\/2024\/04\/Osterfeuer-2024-jpg-e1714035646428.webp 1536w\" sizes=\"auto, (max-width: 1024px) 100vw, 1024px\" \/><\/figure>","protected":false},"excerpt":{"rendered":"<p>K\u00fcrzlich fand das Osterfeuer 2024 unserer Jugendfeuerwehr statt. Wir unterst\u00fctzten wie immer mit einer Brandwache und logistischer Unterst\u00fctzung.<\/p>","protected":false},"author":2,"featured_media":2973,"template":"","meta":{"einsatz_weight":1,"footnotes":""},"categories":[23,128,1],"tags":[],"einsatzart":[125],"fahrzeug":[37,39],"exteinsatzmittel":[],"alarmierungsart":[111],"evw_unit":[],"class_list":["post-2962","einsatz","type-einsatz","status-publish","has-post-thumbnail","hentry","category-einsatz","category-jf-news","category-news","einsatzart-sonstige","fahrzeug-mtw","fahrzeug-tlf-3000","alarmierungsart-geplanter-einsatz"],"blocksy_meta":[],"aioseo_notices":[],"_links":{"self":[{"href":"https:\/\/ff-nendorf-frestorf.de\/en\/wp-json\/wp\/v2\/einsatz\/2962","targetHints":{"allow":["GET"]}}],"collection":[{"href":"https:\/\/ff-nendorf-frestorf.de\/en\/wp-json\/wp\/v2\/einsatz"}],"about":[{"href":"https:\/\/ff-nendorf-frestorf.de\/en\/wp-json\/wp\/v2\/types\/einsatz"}],"author":[{"embeddable":true,"href":"https:\/\/ff-nendorf-frestorf.de\/en\/wp-json\/wp\/v2\/users\/2"}],"version-history":[{"count":3,"href":"https:\/\/ff-nendorf-frestorf.de\/en\/wp-json\/wp\/v2\/einsatz\/2962\/revisions"}],"predecessor-version":[{"id":2975,"href":"https:\/\/ff-nendorf-frestorf.de\/en\/wp-json\/wp\/v2\/einsatz\/2962\/revisions\/2975"}],"wp:featuredmedia":[{"embeddable":true,"href":"https:\/\/ff-nendorf-frestorf.de\/en\/wp-json\/wp\/v2\/media\/2973"}],"wp:attachment":[{"href":"https:\/\/ff-nendorf-frestorf.de\/en\/wp-json\/wp\/v2\/media?parent=2962"}],"wp:term":[{"taxonomy":"category","embeddable":true,"href":"https:\/\/ff-nendorf-frestorf.de\/en\/wp-json\/wp\/v2\/categories?post=2962"},{"taxonomy":"post_tag","embeddable":true,"href":"https:\/\/ff-nendorf-frestorf.de\/en\/wp-json\/wp\/v2\/tags?post=2962"},{"taxonomy":"einsatzart","embeddable":true,"href":"https:\/\/ff-nendorf-frestorf.de\/en\/wp-json\/wp\/v2\/einsatzart?post=2962"},{"taxonomy":"fahrzeug","embeddable":true,"href":"https:\/\/ff-nendorf-frestorf.de\/en\/wp-json\/wp\/v2\/fahrzeug?post=2962"},{"taxonomy":"exteinsatzmittel","embeddable":true,"href":"https:\/\/ff-nendorf-frestorf.de\/en\/wp-json\/wp\/v2\/exteinsatzmittel?post=2962"},{"taxonomy":"alarmierungsart","embeddable":true,"href":"https:\/\/ff-nendorf-frestorf.de\/en\/wp-json\/wp\/v2\/alarmierungsart?post=2962"},{"taxonomy":"evw_unit","embeddable":true,"href":"https:\/\/ff-nendorf-frestorf.de\/en\/wp-json\/wp\/v2\/evw_unit?post=2962"}],"curies":[{"name":"wp","href":"https:\/\/api.w.org\/{rel}","templated":true}]}}

<p class="wp-block-paragraph">Am 28.03.2024 fand das traditionelle Osterfeuer unserer Jugendfeuerwehr statt.</p>



<p class="wp-block-paragraph">Wie immer gab es für die Jugendlichen und ihre Betreuer viel zu tun. So musste im Vorfeld die Location hergerichtet werden. Damit es an nichts fehlt wurde direkt am Osterfeuer eine Theke aufgebaut und die angrenzende Halle der Familie Brümmer in eine Party-Location verwandelt. In der Halle wurden eine Theke, Sitzgelegenheiten und eine Licht- und Tonanlage aufgebaut. Draußen wurde frische Bratwurst oder Fleisch mit Pommes angeboten. Zusätzlich wurden Waschmöglichkeiten geschaffen. Um den frischen Temperaturen zu entgegnen wurde auch an eine Heizung für die Halle gedacht.</p>



<p class="wp-block-paragraph">Damit das Feuer auch eine stattliche Größe aufweist, ist auch eine Menge Vorarbeit notwendig. So bestand wie immer für die Ortsbewohner die Möglichkeit, ihr Brenngut nach vorheriger Anmeldung zuhause abholen zu lassen. Dabei erhielt die Jugendfeuerwehr wie immer tatkräftige Unterstützung von den örtlichen Landwirten, von denen ein großer Teil auch in der Feuerwehr ist. Dieser Einsatz ist nicht selbstverständlich und verdient an dieser Stelle eine besondere Anerkennung.</p>



<p class="wp-block-paragraph">Zusätzlich besteht aber auch die Möglichkeit für Bewohner aus den Nachbarorten ihr Brenngut selbstständig an einem vorher kommunizierten Tag vorbeizubringen.</p>



<p class="wp-block-paragraph">Das Osterfeuer wurde wie üblich durch unsere Kinderfeuerwehr nach einem vorherigen Marsch mit Fackeln entzündet. An diesem Fackelmarsch können alle Interessierten Kinder in Begleitung eines Erwachsenen teilnehmen.</p>



<p class="wp-block-paragraph">Wie immer wurde ausgelassen bis in die frühen Morgenstunden getanzt und gefeiert. Auch das Osterfeuer 2024 wieder ein Magnet für Alt und Jung aus der Region. Gerade für die jüngere Generation hat sich das Osterfeuer in den letzten Jahren zu einem Treffpunkt entwickelt.</p>



<p class="wp-block-paragraph">Die Einsatzabteilung stellte während der gesamten Veranstaltung mit ein paar Kameraden eine Brandsicherheitswache. Zusätzlich unterstützen wir bei der Grillstation und den Theken mit Personal.</p>



<p class="wp-block-paragraph">Am nächsten Morgen stand für die Jugendfeuerwehr der Abbau an. Nach ein paar Stunden war dieser beendet und es wurde sich noch einmal gemeinschaftlich mit Pommes und Bratwurst gestärkt.</p>



<p class="wp-block-paragraph">Wir freuen uns auf das nächste Jahr!</p>



<figure class="wp-block-image size-large"><img data-dominant-color="613d3d" data-has-transparency="false" style="--dominant-color: #613d3d;" loading="lazy" decoding="async" width="1024" height="899" src="https://ff-nendorf-frestorf.de/wp-content/uploads/2024/04/Osterfeuer-2024-jpg-e1714035646428-1024x899.webp" alt="Osterfeuer brennt auf Acker" class="wp-image-2973 not-transparent" srcset="https://ff-nendorf-frestorf.de/wp-content/uploads/2024/04/Osterfeuer-2024-jpg-e1714035646428-1024x899.webp 1024w, https://ff-nendorf-frestorf.de/wp-content/uploads/2024/04/Osterfeuer-2024-jpg-e1714035646428-300x263.webp 300w, https://ff-nendorf-frestorf.de/wp-content/uploads/2024/04/Osterfeuer-2024-jpg-e1714035646428-768x674.webp 768w, https://ff-nendorf-frestorf.de/wp-content/uploads/2024/04/Osterfeuer-2024-jpg-e1714035646428-14x12.webp 14w, https://ff-nendorf-frestorf.de/wp-content/uploads/2024/04/Osterfeuer-2024-jpg-e1714035646428-200x176.webp 200w, https://ff-nendorf-frestorf.de/wp-content/uploads/2024/04/Osterfeuer-2024-jpg-e1714035646428.webp 1536w" sizes="auto, (max-width: 1024px) 100vw, 1024px" /></figure>

<p>Kürzlich fand das Osterfeuer 2024 unserer Jugendfeuerwehr statt. Wir unterstützten wie immer mit einer Brandwache und logistischer Unterstützung.</p>
