{"id":2869,"date":"2024-02-11T18:15:00","date_gmt":"2024-02-11T16:15:00","guid":{"rendered":"https:\/\/ff-nendorf-frestorf.de\/?post_type=einsatz&#038;p=2869"},"modified":"2024-05-26T19:22:47","modified_gmt":"2024-05-26T17:22:47","slug":"kuechenbrand","status":"publish","type":"einsatz","link":"https:\/\/ff-nendorf-frestorf.de\/en\/einsatzberichte\/kuechenbrand\/","title":{"rendered":"K\u00fcchenbrand"},"content":{"rendered":"<p class=\"wp-block-paragraph\">Am Sonntagabend gegen 18:15 hie\u00df es f\u00fcr unsere Kameraden welche den Karnevalsumzug bis dahin absicherten, auf zum Einsatz, im benachbarten Leese brannte eine Dunstabzugshaube, zu welcher wir Alarmiert wurden.<\/p>\n\n\n\n<hr class=\"wp-block-separator has-alpha-channel-opacity is-style-wide\"\/>\n\n\n\n<p class=\"wp-block-paragraph\"><strong>Einsatz am Karnevalssonntag in Leese<\/strong><\/p>\n\n\n\n<p class=\"wp-block-paragraph\">Mit der Alarmmeldung \u201eGeb\u00e4udebrand mittel \u2013 K\u00fcchenbrand\u201c wurden am heutigen Sonntagabend gegen 18:10 Uhr mehrere Feuerwehren in die Loccumer Stra\u00dfe nach Leese gerufen. Dort brannte, wahrscheinlich durch einen technischen Defekt, eine Dunstabzugshaube in einer K\u00fcche. Die Bewohner bemerkten den Brand, nachdem pl\u00f6tzlich der Strom im Haus ausgefallen war und alarmierten daraufhin umgehend die Rettungskr\u00e4fte. Diese gingen mit einem Angriffstrupp unter schwerem Atemschutz in das Geb\u00e4ude vor. Das Feuer war zu diesem Zeitpunkt schon weitestgehend erloschen. Die Kontrolle mit einer W\u00e4rmebildkamera ergab keine Ausbreitung des Feuers. Ein weiterer Atemschutztrupp, der in Bereitstellung stand, brauchte daher nicht mehr eingesetzt werden. Um das Geb\u00e4ude vom Brandrauch, der&nbsp; bei diesem Einsatz wahrscheinlich den gr\u00f6\u00dften Schaden verursacht hat, zu befreien, wurde ein L\u00fcfter eingesetzt. Im Einsatz waren neben der ortsans\u00e4ssigen Feuerwehr Leese die Feuerwehr Landesbergen und das Tankl\u00f6schfahrzeug aus Nendorf-Frestorf, da die Kr\u00e4fte der Ortswehr Stolzenau beim dortigen Karnevalsumzug gebunden waren. Eine \u00f6rtliche Einsatzleitung (ELO), die aus gleichem Grund aus Raddestorf alarmiert war, brauchte nicht ausr\u00fccken. Ebenfalls vor Ort war die Polizei. Im Anschluss an den Einsatz, der bereits nach einer guten Stunde abgeschlossen war, tauschte die Logistikgruppe aus M\u00fcsleringen-Diethe die mit Brandgasen kontaminierte Einsatzkleidung des eingesetzten Trupps.<\/p>\n\n\n\n<p class=\"wp-block-paragraph\"><strong><em>Text: Jan Ha<\/em>bermann, Feuerwehr-Pressesprecher der SG Mittelweser<\/strong><\/p>\n\n\n\n<figure class=\"wp-block-image aligncenter size-large has-custom-border is-style-default\"><img data-dominant-color=\"343566\" data-has-transparency=\"false\" loading=\"lazy\" decoding=\"async\" width=\"1024\" height=\"914\" src=\"https:\/\/ff-nendorf-frestorf.de\/wp-content\/uploads\/2024\/03\/leese_20240211_kuechenbrand_1-1024x914.webp\" alt=\"\" class=\"wp-image-2868 not-transparent\" style=\"--dominant-color: #343566; border-radius:0px\" srcset=\"https:\/\/ff-nendorf-frestorf.de\/wp-content\/uploads\/2024\/03\/leese_20240211_kuechenbrand_1-1024x914.webp 1024w, https:\/\/ff-nendorf-frestorf.de\/wp-content\/uploads\/2024\/03\/leese_20240211_kuechenbrand_1-300x268.webp 300w, https:\/\/ff-nendorf-frestorf.de\/wp-content\/uploads\/2024\/03\/leese_20240211_kuechenbrand_1-768x685.webp 768w, https:\/\/ff-nendorf-frestorf.de\/wp-content\/uploads\/2024\/03\/leese_20240211_kuechenbrand_1-1536x1371.webp 1536w, https:\/\/ff-nendorf-frestorf.de\/wp-content\/uploads\/2024\/03\/leese_20240211_kuechenbrand_1-2048x1827.webp 2048w, https:\/\/ff-nendorf-frestorf.de\/wp-content\/uploads\/2024\/03\/leese_20240211_kuechenbrand_1-13x12.webp 13w, https:\/\/ff-nendorf-frestorf.de\/wp-content\/uploads\/2024\/03\/leese_20240211_kuechenbrand_1-200x178.webp 200w\" sizes=\"auto, (max-width: 1024px) 100vw, 1024px\" \/><figcaption class=\"wp-element-caption\">\u00a9 Jan Habermann, Feuerwehrpressesprecher SG Mittelweser<\/figcaption><\/figure>\n\n\n\n<p class=\"wp-block-paragraph\">Offizieller Bericht der Kreisfeuerwehr: <a href=\"https:\/\/www.kfv-nienburg.de\/portal\/meldungen\/dunstabzugshaube-brannte-4065-1869.html?rubrik=1002&amp;fbclid=IwAR0h_haxfOt-HsI4-43iHP7vNCxHRnA81Rw1a4tYAODnH5ATka5-u9H9UMg\">Dunstabzugshaube brannte | Kreisfeuerwehrverband LK Nienburg\/Weser (kfv-nienburg.de)<\/a><\/p>","protected":false},"excerpt":{"rendered":"<p>Mit der Alarmmeldung \u201eGeb\u00e4udebrand mittel \u2013 K\u00fcchenbrand\u201c wurden am heutigen Sonntagabend gegen 18:10 Uhr mehrere Feuerwehren &#8230;<\/p>","protected":false},"author":5,"featured_media":2359,"template":"","meta":{"einsatz_weight":1,"footnotes":""},"categories":[],"tags":[25],"einsatzart":[29],"fahrzeug":[39],"exteinsatzmittel":[147,66,65,59,87,88],"alarmierungsart":[111],"evw_unit":[112],"class_list":["post-2869","einsatz","type-einsatz","status-publish","has-post-thumbnail","hentry","tag-einsatz","einsatzart-brand","fahrzeug-tlf-3000","exteinsatzmittel-elo-gemeinde-raddestorf","exteinsatzmittel-feuerwehr-landesbergen","exteinsatzmittel-feuerwehr-leese","exteinsatzmittel-feuerwehr-stolzenau","exteinsatzmittel-polizei","exteinsatzmittel-rettungsdienst","alarmierungsart-geplanter-einsatz","evw_unit-alarmgruppe-tlf"],"blocksy_meta":[],"aioseo_notices":[],"_links":{"self":[{"href":"https:\/\/ff-nendorf-frestorf.de\/en\/wp-json\/wp\/v2\/einsatz\/2869","targetHints":{"allow":["GET"]}}],"collection":[{"href":"https:\/\/ff-nendorf-frestorf.de\/en\/wp-json\/wp\/v2\/einsatz"}],"about":[{"href":"https:\/\/ff-nendorf-frestorf.de\/en\/wp-json\/wp\/v2\/types\/einsatz"}],"author":[{"embeddable":true,"href":"https:\/\/ff-nendorf-frestorf.de\/en\/wp-json\/wp\/v2\/users\/5"}],"version-history":[{"count":5,"href":"https:\/\/ff-nendorf-frestorf.de\/en\/wp-json\/wp\/v2\/einsatz\/2869\/revisions"}],"predecessor-version":[{"id":2996,"href":"https:\/\/ff-nendorf-frestorf.de\/en\/wp-json\/wp\/v2\/einsatz\/2869\/revisions\/2996"}],"wp:featuredmedia":[{"embeddable":true,"href":"https:\/\/ff-nendorf-frestorf.de\/en\/wp-json\/wp\/v2\/media\/2359"}],"wp:attachment":[{"href":"https:\/\/ff-nendorf-frestorf.de\/en\/wp-json\/wp\/v2\/media?parent=2869"}],"wp:term":[{"taxonomy":"category","embeddable":true,"href":"https:\/\/ff-nendorf-frestorf.de\/en\/wp-json\/wp\/v2\/categories?post=2869"},{"taxonomy":"post_tag","embeddable":true,"href":"https:\/\/ff-nendorf-frestorf.de\/en\/wp-json\/wp\/v2\/tags?post=2869"},{"taxonomy":"einsatzart","embeddable":true,"href":"https:\/\/ff-nendorf-frestorf.de\/en\/wp-json\/wp\/v2\/einsatzart?post=2869"},{"taxonomy":"fahrzeug","embeddable":true,"href":"https:\/\/ff-nendorf-frestorf.de\/en\/wp-json\/wp\/v2\/fahrzeug?post=2869"},{"taxonomy":"exteinsatzmittel","embeddable":true,"href":"https:\/\/ff-nendorf-frestorf.de\/en\/wp-json\/wp\/v2\/exteinsatzmittel?post=2869"},{"taxonomy":"alarmierungsart","embeddable":true,"href":"https:\/\/ff-nendorf-frestorf.de\/en\/wp-json\/wp\/v2\/alarmierungsart?post=2869"},{"taxonomy":"evw_unit","embeddable":true,"href":"https:\/\/ff-nendorf-frestorf.de\/en\/wp-json\/wp\/v2\/evw_unit?post=2869"}],"curies":[{"name":"wp","href":"https:\/\/api.w.org\/{rel}","templated":true}]}}

Küchenbrand

<p class="wp-block-paragraph">Am Sonntagabend gegen 18:15 hieß es für unsere Kameraden welche den Karnevalsumzug bis dahin absicherten, auf zum Einsatz, im benachbarten Leese brannte eine Dunstabzugshaube, zu welcher wir Alarmiert wurden.</p>



<hr class="wp-block-separator has-alpha-channel-opacity is-style-wide"/>



<p class="wp-block-paragraph"><strong>Einsatz am Karnevalssonntag in Leese</strong></p>



<p class="wp-block-paragraph">Mit der Alarmmeldung „Gebäudebrand mittel – Küchenbrand“ wurden am heutigen Sonntagabend gegen 18:10 Uhr mehrere Feuerwehren in die Loccumer Straße nach Leese gerufen. Dort brannte, wahrscheinlich durch einen technischen Defekt, eine Dunstabzugshaube in einer Küche. Die Bewohner bemerkten den Brand, nachdem plötzlich der Strom im Haus ausgefallen war und alarmierten daraufhin umgehend die Rettungskräfte. Diese gingen mit einem Angriffstrupp unter schwerem Atemschutz in das Gebäude vor. Das Feuer war zu diesem Zeitpunkt schon weitestgehend erloschen. Die Kontrolle mit einer Wärmebildkamera ergab keine Ausbreitung des Feuers. Ein weiterer Atemschutztrupp, der in Bereitstellung stand, brauchte daher nicht mehr eingesetzt werden. Um das Gebäude vom Brandrauch, der&nbsp; bei diesem Einsatz wahrscheinlich den größten Schaden verursacht hat, zu befreien, wurde ein Lüfter eingesetzt. Im Einsatz waren neben der ortsansässigen Feuerwehr Leese die Feuerwehr Landesbergen und das Tanklöschfahrzeug aus Nendorf-Frestorf, da die Kräfte der Ortswehr Stolzenau beim dortigen Karnevalsumzug gebunden waren. Eine örtliche Einsatzleitung (ELO), die aus gleichem Grund aus Raddestorf alarmiert war, brauchte nicht ausrücken. Ebenfalls vor Ort war die Polizei. Im Anschluss an den Einsatz, der bereits nach einer guten Stunde abgeschlossen war, tauschte die Logistikgruppe aus Müsleringen-Diethe die mit Brandgasen kontaminierte Einsatzkleidung des eingesetzten Trupps.</p>



<p class="wp-block-paragraph"><strong><em>Text: Jan Ha</em>bermann, Feuerwehr-Pressesprecher der SG Mittelweser</strong></p>



<figure class="wp-block-image aligncenter size-large has-custom-border is-style-default"><img data-dominant-color="343566" data-has-transparency="false" loading="lazy" decoding="async" width="1024" height="914" src="https://ff-nendorf-frestorf.de/wp-content/uploads/2024/03/leese_20240211_kuechenbrand_1-1024x914.webp" alt="" class="wp-image-2868 not-transparent" style="--dominant-color: #343566; border-radius:0px" srcset="https://ff-nendorf-frestorf.de/wp-content/uploads/2024/03/leese_20240211_kuechenbrand_1-1024x914.webp 1024w, https://ff-nendorf-frestorf.de/wp-content/uploads/2024/03/leese_20240211_kuechenbrand_1-300x268.webp 300w, https://ff-nendorf-frestorf.de/wp-content/uploads/2024/03/leese_20240211_kuechenbrand_1-768x685.webp 768w, https://ff-nendorf-frestorf.de/wp-content/uploads/2024/03/leese_20240211_kuechenbrand_1-1536x1371.webp 1536w, https://ff-nendorf-frestorf.de/wp-content/uploads/2024/03/leese_20240211_kuechenbrand_1-2048x1827.webp 2048w, https://ff-nendorf-frestorf.de/wp-content/uploads/2024/03/leese_20240211_kuechenbrand_1-13x12.webp 13w, https://ff-nendorf-frestorf.de/wp-content/uploads/2024/03/leese_20240211_kuechenbrand_1-200x178.webp 200w" sizes="auto, (max-width: 1024px) 100vw, 1024px" /><figcaption class="wp-element-caption">© Jan Habermann, Feuerwehrpressesprecher SG Mittelweser</figcaption></figure>



<p class="wp-block-paragraph">Offizieller Bericht der Kreisfeuerwehr: <a href="https://www.kfv-nienburg.de/portal/meldungen/dunstabzugshaube-brannte-4065-1869.html?rubrik=1002&amp;fbclid=IwAR0h_haxfOt-HsI4-43iHP7vNCxHRnA81Rw1a4tYAODnH5ATka5-u9H9UMg">Dunstabzugshaube brannte | Kreisfeuerwehrverband LK Nienburg/Weser (kfv-nienburg.de)</a></p>

<p>Mit der Alarmmeldung „Gebäudebrand mittel – Küchenbrand“ wurden am heutigen Sonntagabend gegen 18:10 Uhr mehrere Feuerwehren &#8230;</p>
