{"id":2843,"date":"2024-01-04T22:35:00","date_gmt":"2024-01-04T20:35:00","guid":{"rendered":"https:\/\/ff-nendorf-frestorf.de\/?post_type=einsatz&#038;p=2843"},"modified":"2024-05-26T19:18:26","modified_gmt":"2024-05-26T17:18:26","slug":"gebaudebrand-mittel","status":"publish","type":"einsatz","link":"https:\/\/ff-nendorf-frestorf.de\/en\/einsatzberichte\/gebaudebrand-mittel\/","title":{"rendered":"Geb\u00e4udebrand Mittel"},"content":{"rendered":"<p class=\"wp-block-paragraph\">Am Donnerstagabend gegen 22:35 Uhr wurden unsere Kameraden der ELO zu einem Geb\u00e4udebrand Mittel alarmiert.<\/p>\n\n\n\n<hr class=\"wp-block-separator has-alpha-channel-opacity is-style-wide\"\/>\n\n\n\n<p class=\"wp-block-paragraph\">Ein Kellerbrand besch\u00e4ftigte am sp\u00e4ten Donnerstagabend die Feuerwehren Leese und Stolzenau sowie die Einsatzleitung Ort der Samtgemeinde Mittelweser, den Rettungsdienst und die Polizei. Gegen 22:30 Uhr ging der Alarm bei der Rettungsleitstelle ein. Aus ungekl\u00e4rter Ursache brannte es in einem Kellerraum eines Wohnhauses in der Gerhart-Hauptmann-Stra\u00dfe. Die Bewohner verlie\u00dfen das Geb\u00e4ude umgehend nachdem der Brand bemerkt wurde, wodurch niemand verletzt wurde. Ausger\u00fcstet mit Atemschutzger\u00e4ten verschaffte sich ein Trupp Zugang zu dem von au\u00dfen zu erreichenden Raum. Mit einem C-Rohr konnte das Feuer z\u00fcgig gel\u00f6scht werden. Zwei weitere Atemschutztrupps kamen zum Einsatz, um das Brandgut aus dem Geb\u00e4ude zu bringen und um die nicht direkt vom Feuer betroffenen R\u00e4ume zu kontrollieren. Zur Entrauchung der Wohnr\u00e4ume wurde ein Hochdruckl\u00fcfter eingesetzt. Die betroffene Familie kam zun\u00e4chst bei Bekannten unter. Zur Brandursache nahm die Polizei die Ermittlungen auf. Ein Rettungswagen der Johanniter-Unfall-Hilfe aus Landesbergen war in Bereitstellung, um etwaige Verletzte schnellstm\u00f6glich versorgen zu k\u00f6nnen. Nach gut zwei Stunden konnte der Einsatz beendet werden. Um die Einsatzbereitschaft wieder herzustellen kamen die FTZ Nienburg sowie die Logistikgruppe der Samtgemeinde zur Einsatzstelle, um Schl\u00e4uche, Atemschutzger\u00e4te und verunreinigte Einsatzkleidung zu tauschen.<\/p>\n\n\n\n<p class=\"wp-block-paragraph\"><em><strong>Text: Jan Habermann, Feuerwehr-Pressesprecher der SG Mittelweser<\/strong><\/em><\/p>\n\n\n\n<figure class=\"wp-block-gallery has-nested-images columns-default is-cropped wp-block-gallery-1 is-layout-flex wp-block-gallery-is-layout-flex\">\n<figure class=\"wp-block-image size-large\"><img data-dominant-color=\"504a45\" data-has-transparency=\"false\" style=\"--dominant-color: #504a45;\" loading=\"lazy\" decoding=\"async\" width=\"980\" height=\"1024\" data-id=\"2846\" src=\"https:\/\/ff-nendorf-frestorf.de\/wp-content\/uploads\/2024\/03\/leese_20240104_kellerbrand_2-980x1024.webp\" alt=\"Starke Verrauchung in der Stra\u00dfe vor der Einsatzstelle\" class=\"wp-image-2846 not-transparent\" srcset=\"https:\/\/ff-nendorf-frestorf.de\/wp-content\/uploads\/2024\/03\/leese_20240104_kellerbrand_2-980x1024.webp 980w, https:\/\/ff-nendorf-frestorf.de\/wp-content\/uploads\/2024\/03\/leese_20240104_kellerbrand_2-287x300.webp 287w, https:\/\/ff-nendorf-frestorf.de\/wp-content\/uploads\/2024\/03\/leese_20240104_kellerbrand_2-768x802.webp 768w, https:\/\/ff-nendorf-frestorf.de\/wp-content\/uploads\/2024\/03\/leese_20240104_kellerbrand_2-1470x1536.webp 1470w, https:\/\/ff-nendorf-frestorf.de\/wp-content\/uploads\/2024\/03\/leese_20240104_kellerbrand_2-1961x2048.webp 1961w, https:\/\/ff-nendorf-frestorf.de\/wp-content\/uploads\/2024\/03\/leese_20240104_kellerbrand_2-11x12.webp 11w, https:\/\/ff-nendorf-frestorf.de\/wp-content\/uploads\/2024\/03\/leese_20240104_kellerbrand_2-200x209.webp 200w\" sizes=\"auto, (max-width: 980px) 100vw, 980px\" \/><\/figure>\n\n\n\n<figure class=\"wp-block-image size-large\"><img data-dominant-color=\"6f614b\" data-has-transparency=\"false\" style=\"--dominant-color: #6f614b;\" loading=\"lazy\" decoding=\"async\" width=\"752\" height=\"1024\" data-id=\"2845\" src=\"https:\/\/ff-nendorf-frestorf.de\/wp-content\/uploads\/2024\/03\/leese_20240104_kellerbrand_1-752x1024.webp\" alt=\"Ein Trupp unter schwerem Atemschutz ging in den Brandraum vor\" class=\"wp-image-2845 not-transparent\" srcset=\"https:\/\/ff-nendorf-frestorf.de\/wp-content\/uploads\/2024\/03\/leese_20240104_kellerbrand_1-752x1024.webp 752w, https:\/\/ff-nendorf-frestorf.de\/wp-content\/uploads\/2024\/03\/leese_20240104_kellerbrand_1-220x300.webp 220w, https:\/\/ff-nendorf-frestorf.de\/wp-content\/uploads\/2024\/03\/leese_20240104_kellerbrand_1-768x1045.webp 768w, https:\/\/ff-nendorf-frestorf.de\/wp-content\/uploads\/2024\/03\/leese_20240104_kellerbrand_1-1129x1536.webp 1129w, https:\/\/ff-nendorf-frestorf.de\/wp-content\/uploads\/2024\/03\/leese_20240104_kellerbrand_1-1505x2048.webp 1505w, https:\/\/ff-nendorf-frestorf.de\/wp-content\/uploads\/2024\/03\/leese_20240104_kellerbrand_1-9x12.webp 9w, https:\/\/ff-nendorf-frestorf.de\/wp-content\/uploads\/2024\/03\/leese_20240104_kellerbrand_1-200x272.webp 200w, https:\/\/ff-nendorf-frestorf.de\/wp-content\/uploads\/2024\/03\/leese_20240104_kellerbrand_1-jpg.webp 1864w\" sizes=\"auto, (max-width: 752px) 100vw, 752px\" \/><\/figure>\n<\/figure>","protected":false},"excerpt":{"rendered":"<p>Ein Kellerbrand besch\u00e4ftigte am sp\u00e4ten Donnerstagabend die Feuerwehren Leese und Stolzenau sowie die Einsatzleitung Ort der Samtgemeinde Mittelweser &#8230;<\/p>","protected":false},"author":5,"featured_media":2359,"template":"","meta":{"einsatz_weight":1,"footnotes":""},"categories":[],"tags":[25],"einsatzart":[41],"fahrzeug":[37],"exteinsatzmittel":[78,65,59,42,46,63,87,45,88,90],"alarmierungsart":[33,34],"evw_unit":[123],"class_list":["post-2843","einsatz","type-einsatz","status-publish","has-post-thumbnail","hentry","tag-einsatz","einsatzart-elo","fahrzeug-mtw","exteinsatzmittel-elo-mittelweser","exteinsatzmittel-feuerwehr-leese","exteinsatzmittel-feuerwehr-stolzenau","exteinsatzmittel-gem-bm","exteinsatzmittel-leiter-elo","exteinsatzmittel-logistikgruppe-mittelweser","exteinsatzmittel-polizei","exteinsatzmittel-presse-fw-mittelweser","exteinsatzmittel-rettungsdienst","exteinsatzmittel-rufdienst-ftz","alarmierungsart-dme","alarmierungsart-groupalarm","evw_unit-alarmgruppe-elo"],"blocksy_meta":[],"aioseo_notices":[],"_links":{"self":[{"href":"https:\/\/ff-nendorf-frestorf.de\/en\/wp-json\/wp\/v2\/einsatz\/2843","targetHints":{"allow":["GET"]}}],"collection":[{"href":"https:\/\/ff-nendorf-frestorf.de\/en\/wp-json\/wp\/v2\/einsatz"}],"about":[{"href":"https:\/\/ff-nendorf-frestorf.de\/en\/wp-json\/wp\/v2\/types\/einsatz"}],"author":[{"embeddable":true,"href":"https:\/\/ff-nendorf-frestorf.de\/en\/wp-json\/wp\/v2\/users\/5"}],"version-history":[{"count":4,"href":"https:\/\/ff-nendorf-frestorf.de\/en\/wp-json\/wp\/v2\/einsatz\/2843\/revisions"}],"predecessor-version":[{"id":2990,"href":"https:\/\/ff-nendorf-frestorf.de\/en\/wp-json\/wp\/v2\/einsatz\/2843\/revisions\/2990"}],"wp:featuredmedia":[{"embeddable":true,"href":"https:\/\/ff-nendorf-frestorf.de\/en\/wp-json\/wp\/v2\/media\/2359"}],"wp:attachment":[{"href":"https:\/\/ff-nendorf-frestorf.de\/en\/wp-json\/wp\/v2\/media?parent=2843"}],"wp:term":[{"taxonomy":"category","embeddable":true,"href":"https:\/\/ff-nendorf-frestorf.de\/en\/wp-json\/wp\/v2\/categories?post=2843"},{"taxonomy":"post_tag","embeddable":true,"href":"https:\/\/ff-nendorf-frestorf.de\/en\/wp-json\/wp\/v2\/tags?post=2843"},{"taxonomy":"einsatzart","embeddable":true,"href":"https:\/\/ff-nendorf-frestorf.de\/en\/wp-json\/wp\/v2\/einsatzart?post=2843"},{"taxonomy":"fahrzeug","embeddable":true,"href":"https:\/\/ff-nendorf-frestorf.de\/en\/wp-json\/wp\/v2\/fahrzeug?post=2843"},{"taxonomy":"exteinsatzmittel","embeddable":true,"href":"https:\/\/ff-nendorf-frestorf.de\/en\/wp-json\/wp\/v2\/exteinsatzmittel?post=2843"},{"taxonomy":"alarmierungsart","embeddable":true,"href":"https:\/\/ff-nendorf-frestorf.de\/en\/wp-json\/wp\/v2\/alarmierungsart?post=2843"},{"taxonomy":"evw_unit","embeddable":true,"href":"https:\/\/ff-nendorf-frestorf.de\/en\/wp-json\/wp\/v2\/evw_unit?post=2843"}],"curies":[{"name":"wp","href":"https:\/\/api.w.org\/{rel}","templated":true}]}}

Gebäudebrand Mittel

<p class="wp-block-paragraph">Am Donnerstagabend gegen 22:35 Uhr wurden unsere Kameraden der ELO zu einem Gebäudebrand Mittel alarmiert.</p>



<hr class="wp-block-separator has-alpha-channel-opacity is-style-wide"/>



<p class="wp-block-paragraph">Ein Kellerbrand beschäftigte am späten Donnerstagabend die Feuerwehren Leese und Stolzenau sowie die Einsatzleitung Ort der Samtgemeinde Mittelweser, den Rettungsdienst und die Polizei. Gegen 22:30 Uhr ging der Alarm bei der Rettungsleitstelle ein. Aus ungeklärter Ursache brannte es in einem Kellerraum eines Wohnhauses in der Gerhart-Hauptmann-Straße. Die Bewohner verließen das Gebäude umgehend nachdem der Brand bemerkt wurde, wodurch niemand verletzt wurde. Ausgerüstet mit Atemschutzgeräten verschaffte sich ein Trupp Zugang zu dem von außen zu erreichenden Raum. Mit einem C-Rohr konnte das Feuer zügig gelöscht werden. Zwei weitere Atemschutztrupps kamen zum Einsatz, um das Brandgut aus dem Gebäude zu bringen und um die nicht direkt vom Feuer betroffenen Räume zu kontrollieren. Zur Entrauchung der Wohnräume wurde ein Hochdrucklüfter eingesetzt. Die betroffene Familie kam zunächst bei Bekannten unter. Zur Brandursache nahm die Polizei die Ermittlungen auf. Ein Rettungswagen der Johanniter-Unfall-Hilfe aus Landesbergen war in Bereitstellung, um etwaige Verletzte schnellstmöglich versorgen zu können. Nach gut zwei Stunden konnte der Einsatz beendet werden. Um die Einsatzbereitschaft wieder herzustellen kamen die FTZ Nienburg sowie die Logistikgruppe der Samtgemeinde zur Einsatzstelle, um Schläuche, Atemschutzgeräte und verunreinigte Einsatzkleidung zu tauschen.</p>



<p class="wp-block-paragraph"><em><strong>Text: Jan Habermann, Feuerwehr-Pressesprecher der SG Mittelweser</strong></em></p>



<figure class="wp-block-gallery has-nested-images columns-default is-cropped wp-block-gallery-1 is-layout-flex wp-block-gallery-is-layout-flex">
<figure class="wp-block-image size-large"><img data-dominant-color="504a45" data-has-transparency="false" style="--dominant-color: #504a45;" loading="lazy" decoding="async" width="980" height="1024" data-id="2846" src="https://ff-nendorf-frestorf.de/wp-content/uploads/2024/03/leese_20240104_kellerbrand_2-980x1024.webp" alt="Starke Verrauchung in der Straße vor der Einsatzstelle" class="wp-image-2846 not-transparent" srcset="https://ff-nendorf-frestorf.de/wp-content/uploads/2024/03/leese_20240104_kellerbrand_2-980x1024.webp 980w, https://ff-nendorf-frestorf.de/wp-content/uploads/2024/03/leese_20240104_kellerbrand_2-287x300.webp 287w, https://ff-nendorf-frestorf.de/wp-content/uploads/2024/03/leese_20240104_kellerbrand_2-768x802.webp 768w, https://ff-nendorf-frestorf.de/wp-content/uploads/2024/03/leese_20240104_kellerbrand_2-1470x1536.webp 1470w, https://ff-nendorf-frestorf.de/wp-content/uploads/2024/03/leese_20240104_kellerbrand_2-1961x2048.webp 1961w, https://ff-nendorf-frestorf.de/wp-content/uploads/2024/03/leese_20240104_kellerbrand_2-11x12.webp 11w, https://ff-nendorf-frestorf.de/wp-content/uploads/2024/03/leese_20240104_kellerbrand_2-200x209.webp 200w" sizes="auto, (max-width: 980px) 100vw, 980px" /></figure>



<figure class="wp-block-image size-large"><img data-dominant-color="6f614b" data-has-transparency="false" style="--dominant-color: #6f614b;" loading="lazy" decoding="async" width="752" height="1024" data-id="2845" src="https://ff-nendorf-frestorf.de/wp-content/uploads/2024/03/leese_20240104_kellerbrand_1-752x1024.webp" alt="Ein Trupp unter schwerem Atemschutz ging in den Brandraum vor" class="wp-image-2845 not-transparent" srcset="https://ff-nendorf-frestorf.de/wp-content/uploads/2024/03/leese_20240104_kellerbrand_1-752x1024.webp 752w, https://ff-nendorf-frestorf.de/wp-content/uploads/2024/03/leese_20240104_kellerbrand_1-220x300.webp 220w, https://ff-nendorf-frestorf.de/wp-content/uploads/2024/03/leese_20240104_kellerbrand_1-768x1045.webp 768w, https://ff-nendorf-frestorf.de/wp-content/uploads/2024/03/leese_20240104_kellerbrand_1-1129x1536.webp 1129w, https://ff-nendorf-frestorf.de/wp-content/uploads/2024/03/leese_20240104_kellerbrand_1-1505x2048.webp 1505w, https://ff-nendorf-frestorf.de/wp-content/uploads/2024/03/leese_20240104_kellerbrand_1-9x12.webp 9w, https://ff-nendorf-frestorf.de/wp-content/uploads/2024/03/leese_20240104_kellerbrand_1-200x272.webp 200w, https://ff-nendorf-frestorf.de/wp-content/uploads/2024/03/leese_20240104_kellerbrand_1-jpg.webp 1864w" sizes="auto, (max-width: 752px) 100vw, 752px" /></figure>
</figure>

<p>Ein Kellerbrand beschäftigte am späten Donnerstagabend die Feuerwehren Leese und Stolzenau sowie die Einsatzleitung Ort der Samtgemeinde Mittelweser &#8230;</p>
