{"id":2807,"date":"2023-12-26T14:20:00","date_gmt":"2023-12-26T12:20:00","guid":{"rendered":"https:\/\/ff-nendorf-frestorf.de\/?post_type=einsatz&#038;p=2807"},"modified":"2024-04-04T01:51:18","modified_gmt":"2024-04-03T23:51:18","slug":"hochwasser","status":"publish","type":"einsatz","link":"https:\/\/ff-nendorf-frestorf.de\/en\/einsatzberichte\/hochwasser\/","title":{"rendered":"Hochwasser"},"content":{"rendered":"<p class=\"wp-block-paragraph\">Wir unterst\u00fctzen bei dem Versuch den Wasserpegel des M\u00fchlteich im Rahmen der Hochwasser Eins\u00e4tze stabil zu halten.<\/p>\n\n\n\n<p class=\"wp-block-paragraph\">Hierf\u00fcr bauten wir zusammen mit anderen Feuerwehren aus der Samtgemeinde Mittelweser unsere tragbare Pumpe sowie unsere Tauchpumpe am M\u00fchlteich in Stolzenau auf. Durch diese Ma\u00dfnahme soll der Wasserstand des Teiches gesenkt werden, indem Wasser in die Weser gepumpt wird. Dies ist notwendig geworden, da der Wasserpegel einen kritischen Wert erreicht hatte und somit die \u00dcberflutung eines Altenheimes und weiterer Geb\u00e4ude im Ortskern drohte.<\/p>\n\n\n\n<hr class=\"wp-block-separator has-alpha-channel-opacity is-style-wide\"\/>\n\n\n\n<p class=\"wp-block-paragraph\">Kein Bericht der Kreisfeuerwehr vorhanden.<\/p>","protected":false},"excerpt":{"rendered":"<p>Wir unterst\u00fctzen bei dem Versuch den Wasserpegel des M\u00fchlteichs stabil zu halten. Hierf\u00fcr bauten wir tragbare Pumpen sowie Tauchpumpen auf.<\/p>","protected":false},"author":5,"featured_media":2359,"template":"","meta":{"einsatz_weight":1,"footnotes":""},"categories":[],"tags":[25],"einsatzart":[30],"fahrzeug":[40,39],"exteinsatzmittel":[69,61,81,62,70,59,42,44],"alarmierungsart":[33,34],"evw_unit":[112],"class_list":["post-2807","einsatz","type-einsatz","status-publish","has-post-thumbnail","hentry","tag-einsatz","einsatzart-technische-hilfeleistung","fahrzeug-hlf-10","fahrzeug-tlf-3000","exteinsatzmittel-feuerwehr-anemolter","exteinsatzmittel-feuerwehr-hibben","exteinsatzmittel-feuerwehr-holzhausen","exteinsatzmittel-feuerwehr-muesleringen-diethe","exteinsatzmittel-feuerwehr-schinna","exteinsatzmittel-feuerwehr-stolzenau","exteinsatzmittel-gem-bm","exteinsatzmittel-stv-gem-bm-west","alarmierungsart-dme","alarmierungsart-groupalarm","evw_unit-alarmgruppe-tlf"],"blocksy_meta":[],"aioseo_notices":[],"_links":{"self":[{"href":"https:\/\/ff-nendorf-frestorf.de\/en\/wp-json\/wp\/v2\/einsatz\/2807","targetHints":{"allow":["GET"]}}],"collection":[{"href":"https:\/\/ff-nendorf-frestorf.de\/en\/wp-json\/wp\/v2\/einsatz"}],"about":[{"href":"https:\/\/ff-nendorf-frestorf.de\/en\/wp-json\/wp\/v2\/types\/einsatz"}],"author":[{"embeddable":true,"href":"https:\/\/ff-nendorf-frestorf.de\/en\/wp-json\/wp\/v2\/users\/5"}],"version-history":[{"count":3,"href":"https:\/\/ff-nendorf-frestorf.de\/en\/wp-json\/wp\/v2\/einsatz\/2807\/revisions"}],"predecessor-version":[{"id":2957,"href":"https:\/\/ff-nendorf-frestorf.de\/en\/wp-json\/wp\/v2\/einsatz\/2807\/revisions\/2957"}],"wp:featuredmedia":[{"embeddable":true,"href":"https:\/\/ff-nendorf-frestorf.de\/en\/wp-json\/wp\/v2\/media\/2359"}],"wp:attachment":[{"href":"https:\/\/ff-nendorf-frestorf.de\/en\/wp-json\/wp\/v2\/media?parent=2807"}],"wp:term":[{"taxonomy":"category","embeddable":true,"href":"https:\/\/ff-nendorf-frestorf.de\/en\/wp-json\/wp\/v2\/categories?post=2807"},{"taxonomy":"post_tag","embeddable":true,"href":"https:\/\/ff-nendorf-frestorf.de\/en\/wp-json\/wp\/v2\/tags?post=2807"},{"taxonomy":"einsatzart","embeddable":true,"href":"https:\/\/ff-nendorf-frestorf.de\/en\/wp-json\/wp\/v2\/einsatzart?post=2807"},{"taxonomy":"fahrzeug","embeddable":true,"href":"https:\/\/ff-nendorf-frestorf.de\/en\/wp-json\/wp\/v2\/fahrzeug?post=2807"},{"taxonomy":"exteinsatzmittel","embeddable":true,"href":"https:\/\/ff-nendorf-frestorf.de\/en\/wp-json\/wp\/v2\/exteinsatzmittel?post=2807"},{"taxonomy":"alarmierungsart","embeddable":true,"href":"https:\/\/ff-nendorf-frestorf.de\/en\/wp-json\/wp\/v2\/alarmierungsart?post=2807"},{"taxonomy":"evw_unit","embeddable":true,"href":"https:\/\/ff-nendorf-frestorf.de\/en\/wp-json\/wp\/v2\/evw_unit?post=2807"}],"curies":[{"name":"wp","href":"https:\/\/api.w.org\/{rel}","templated":true}]}}

<p class="wp-block-paragraph">Wir unterstützen bei dem Versuch den Wasserpegel des Mühlteich im Rahmen der Hochwasser Einsätze stabil zu halten.</p>



<p class="wp-block-paragraph">Hierfür bauten wir zusammen mit anderen Feuerwehren aus der Samtgemeinde Mittelweser unsere tragbare Pumpe sowie unsere Tauchpumpe am Mühlteich in Stolzenau auf. Durch diese Maßnahme soll der Wasserstand des Teiches gesenkt werden, indem Wasser in die Weser gepumpt wird. Dies ist notwendig geworden, da der Wasserpegel einen kritischen Wert erreicht hatte und somit die Überflutung eines Altenheimes und weiterer Gebäude im Ortskern drohte.</p>



<hr class="wp-block-separator has-alpha-channel-opacity is-style-wide"/>



<p class="wp-block-paragraph">Kein Bericht der Kreisfeuerwehr vorhanden.</p>

<p>Wir unterstützen bei dem Versuch den Wasserpegel des Mühlteichs stabil zu halten. Hierfür bauten wir tragbare Pumpen sowie Tauchpumpen auf.</p>
