{"id":2778,"date":"2023-12-12T06:39:00","date_gmt":"2023-12-12T04:39:00","guid":{"rendered":"https:\/\/ff-nendorf-frestorf.de\/?post_type=einsatz&#038;p=2778"},"modified":"2024-01-28T23:00:34","modified_gmt":"2024-01-28T21:00:34","slug":"first-responder","status":"publish","type":"einsatz","link":"https:\/\/ff-nendorf-frestorf.de\/en\/einsatzberichte\/first-responder\/","title":{"rendered":"First Responder"},"content":{"rendered":"<p class=\"wp-block-paragraph\">Am Dienstagmorgen wurde unsere TLF-Schleife, in welcher sich ein Teil der rettungsdienstlich qualifizierten Kameraden unserer Ortswehr befinden um 06:39 Uhr zu einem First-Responder Einsatz alarmiert. <br>Da der Rettungsdienst eine etwas weitere Anfahrt hatte, sollten diese Kameraden die Zeit bis zum Eintreffen des Regelrettungsdienstes \u00fcberbr\u00fccken und eine schnellstm\u00f6gliche fachgerechte Versorgung des Patienten sicherstellen.<\/p>\n\n\n\n<hr class=\"wp-block-separator has-alpha-channel-opacity is-style-wide\"\/>\n\n\n\n<p class=\"wp-block-paragraph\">Kein offizieller Bericht der Kreisfeuerwehr vorhanden.<\/p>","protected":false},"excerpt":{"rendered":"<p>Am Dienstagmorgen wurde unsere TLF-Schleife, in welcher sich ein Teil der rettungsdienstlich qualifizierten Kameraden unserer Ortswehr befinden um 06:39 Uhr zu einem First-Responder Einsatz alarmiert. Da der Rettungsdienst eine etwas weitere Anfahrt hatte, sollten diese Kameraden die Zeit bis zum Eintreffen des Regelrettungsdienstes \u00fcberbr\u00fccken und eine schnellstm\u00f6gliche fachgerechte Versorgung des Patienten sicherstellen. Kein offizieller Bericht [&hellip;]<\/p>\n","protected":false},"author":5,"featured_media":2359,"template":"","meta":{"einsatz_weight":1,"footnotes":""},"categories":[],"tags":[25],"einsatzart":[28],"fahrzeug":[40],"exteinsatzmittel":[88],"alarmierungsart":[33,34],"evw_unit":[112],"class_list":["post-2778","einsatz","type-einsatz","status-publish","has-post-thumbnail","hentry","tag-einsatz","einsatzart-einsatz","fahrzeug-hlf-10","exteinsatzmittel-rettungsdienst","alarmierungsart-dme","alarmierungsart-groupalarm","evw_unit-alarmgruppe-tlf"],"blocksy_meta":[],"aioseo_notices":[],"_links":{"self":[{"href":"https:\/\/ff-nendorf-frestorf.de\/en\/wp-json\/wp\/v2\/einsatz\/2778","targetHints":{"allow":["GET"]}}],"collection":[{"href":"https:\/\/ff-nendorf-frestorf.de\/en\/wp-json\/wp\/v2\/einsatz"}],"about":[{"href":"https:\/\/ff-nendorf-frestorf.de\/en\/wp-json\/wp\/v2\/types\/einsatz"}],"author":[{"embeddable":true,"href":"https:\/\/ff-nendorf-frestorf.de\/en\/wp-json\/wp\/v2\/users\/5"}],"version-history":[{"count":4,"href":"https:\/\/ff-nendorf-frestorf.de\/en\/wp-json\/wp\/v2\/einsatz\/2778\/revisions"}],"predecessor-version":[{"id":2787,"href":"https:\/\/ff-nendorf-frestorf.de\/en\/wp-json\/wp\/v2\/einsatz\/2778\/revisions\/2787"}],"wp:featuredmedia":[{"embeddable":true,"href":"https:\/\/ff-nendorf-frestorf.de\/en\/wp-json\/wp\/v2\/media\/2359"}],"wp:attachment":[{"href":"https:\/\/ff-nendorf-frestorf.de\/en\/wp-json\/wp\/v2\/media?parent=2778"}],"wp:term":[{"taxonomy":"category","embeddable":true,"href":"https:\/\/ff-nendorf-frestorf.de\/en\/wp-json\/wp\/v2\/categories?post=2778"},{"taxonomy":"post_tag","embeddable":true,"href":"https:\/\/ff-nendorf-frestorf.de\/en\/wp-json\/wp\/v2\/tags?post=2778"},{"taxonomy":"einsatzart","embeddable":true,"href":"https:\/\/ff-nendorf-frestorf.de\/en\/wp-json\/wp\/v2\/einsatzart?post=2778"},{"taxonomy":"fahrzeug","embeddable":true,"href":"https:\/\/ff-nendorf-frestorf.de\/en\/wp-json\/wp\/v2\/fahrzeug?post=2778"},{"taxonomy":"exteinsatzmittel","embeddable":true,"href":"https:\/\/ff-nendorf-frestorf.de\/en\/wp-json\/wp\/v2\/exteinsatzmittel?post=2778"},{"taxonomy":"alarmierungsart","embeddable":true,"href":"https:\/\/ff-nendorf-frestorf.de\/en\/wp-json\/wp\/v2\/alarmierungsart?post=2778"},{"taxonomy":"evw_unit","embeddable":true,"href":"https:\/\/ff-nendorf-frestorf.de\/en\/wp-json\/wp\/v2\/evw_unit?post=2778"}],"curies":[{"name":"wp","href":"https:\/\/api.w.org\/{rel}","templated":true}]}}

<p class="wp-block-paragraph">Am Dienstagmorgen wurde unsere TLF-Schleife, in welcher sich ein Teil der rettungsdienstlich qualifizierten Kameraden unserer Ortswehr befinden um 06:39 Uhr zu einem First-Responder Einsatz alarmiert. <br>Da der Rettungsdienst eine etwas weitere Anfahrt hatte, sollten diese Kameraden die Zeit bis zum Eintreffen des Regelrettungsdienstes überbrücken und eine schnellstmögliche fachgerechte Versorgung des Patienten sicherstellen.</p>



<hr class="wp-block-separator has-alpha-channel-opacity is-style-wide"/>



<p class="wp-block-paragraph">Kein offizieller Bericht der Kreisfeuerwehr vorhanden.</p>

<p>Am Dienstagmorgen wurde unsere TLF-Schleife, in welcher sich ein Teil der rettungsdienstlich qualifizierten Kameraden unserer Ortswehr befinden um 06:39 Uhr zu einem First-Responder Einsatz alarmiert. Da der Rettungsdienst eine etwas weitere Anfahrt hatte, sollten diese Kameraden die Zeit bis zum Eintreffen des Regelrettungsdienstes überbrücken und eine schnellstmögliche fachgerechte Versorgung des Patienten sicherstellen. Kein offizieller Bericht [&hellip;]</p>
