{"id":2773,"date":"2023-09-30T18:11:00","date_gmt":"2023-09-30T16:11:00","guid":{"rendered":"https:\/\/ff-nendorf-frestorf.de\/?post_type=einsatz&#038;p=2773"},"modified":"2024-01-31T20:31:50","modified_gmt":"2024-01-31T18:31:50","slug":"tiefbauunfall-person-verschuettet","status":"publish","type":"einsatz","link":"https:\/\/ff-nendorf-frestorf.de\/en\/einsatzberichte\/tiefbauunfall-person-verschuettet\/","title":{"rendered":"Tiefbauunfall, Person versch\u00fcttet"},"content":{"rendered":"<p class=\"wp-block-paragraph\">Wir wurden am Samstagabend um 18:11 Uhr zu einem Tiefbauunfall mit einer Versch\u00fctteten Person alarmiert. Auf n\u00e4here Informationen von unserer Seite wird an dieser Stelle verzichtet.<\/p>\n\n\n\n<hr class=\"wp-block-separator has-alpha-channel-opacity is-style-wide\"\/>\n\n\n\n<p class=\"wp-block-paragraph\"><strong>F\u00fcr weitere Informationen folgen Sie bitte dem Link:<\/strong><\/p>\n\n\n\n<p class=\"wp-block-paragraph\"><a href=\"https:\/\/www.spiegel.de\/panorama\/landkreis-nienburg-hofbesitzer-faellt-in-kornsilo-und-stirbt-a-823e0305-869d-4d60-bcc5-865ed3f43576\">https:\/\/www.spiegel.de\/panorama\/landkreis-nienburg-hofbesitzer-faellt-in-kornsilo-und-stirbt-a-823e0305-869d-4d60-bcc5-865ed3f43576<\/a><\/p>","protected":false},"excerpt":{"rendered":"<p>Wir wurden am Samstagabend um 18:11 Uhr zu einem Tiefbauunfall mit einer Versch\u00fctteten Person alarmiert. Auf n\u00e4here Informationen von unserer Seite wird an dieser Stelle verzichtet. F\u00fcr weitere Informationen folgen Sie bitte dem Link: https:\/\/www.spiegel.de\/panorama\/landkreis-nienburg-hofbesitzer-faellt-in-kornsilo-und-stirbt-a-823e0305-869d-4d60-bcc5-865ed3f43576<\/p>","protected":false},"author":2,"featured_media":2359,"template":"","meta":{"einsatz_weight":1,"footnotes":""},"categories":[23],"tags":[25],"einsatzart":[30],"fahrzeug":[40,38,37,122,39],"exteinsatzmittel":[73,42,142,87,88,44],"alarmierungsart":[33,34,35],"evw_unit":[32],"class_list":["post-2773","einsatz","type-einsatz","status-publish","has-post-thumbnail","hentry","category-einsatz","tag-einsatz","einsatzart-technische-hilfeleistung","fahrzeug-hlf-10","fahrzeug-mtf","fahrzeug-mtw","fahrzeug-pkw-ortsbm","fahrzeug-tlf-3000","exteinsatzmittel-brandabschnittsleiter-sued","exteinsatzmittel-gem-bm","exteinsatzmittel-kriseninterventionsteam","exteinsatzmittel-polizei","exteinsatzmittel-rettungsdienst","exteinsatzmittel-stv-gem-bm-west","alarmierungsart-dme","alarmierungsart-groupalarm","alarmierungsart-sirene","evw_unit-alarmgruppe-alle"],"blocksy_meta":[],"aioseo_notices":[],"_links":{"self":[{"href":"https:\/\/ff-nendorf-frestorf.de\/en\/wp-json\/wp\/v2\/einsatz\/2773","targetHints":{"allow":["GET"]}}],"collection":[{"href":"https:\/\/ff-nendorf-frestorf.de\/en\/wp-json\/wp\/v2\/einsatz"}],"about":[{"href":"https:\/\/ff-nendorf-frestorf.de\/en\/wp-json\/wp\/v2\/types\/einsatz"}],"author":[{"embeddable":true,"href":"https:\/\/ff-nendorf-frestorf.de\/en\/wp-json\/wp\/v2\/users\/2"}],"version-history":[{"count":3,"href":"https:\/\/ff-nendorf-frestorf.de\/en\/wp-json\/wp\/v2\/einsatz\/2773\/revisions"}],"predecessor-version":[{"id":2813,"href":"https:\/\/ff-nendorf-frestorf.de\/en\/wp-json\/wp\/v2\/einsatz\/2773\/revisions\/2813"}],"wp:featuredmedia":[{"embeddable":true,"href":"https:\/\/ff-nendorf-frestorf.de\/en\/wp-json\/wp\/v2\/media\/2359"}],"wp:attachment":[{"href":"https:\/\/ff-nendorf-frestorf.de\/en\/wp-json\/wp\/v2\/media?parent=2773"}],"wp:term":[{"taxonomy":"category","embeddable":true,"href":"https:\/\/ff-nendorf-frestorf.de\/en\/wp-json\/wp\/v2\/categories?post=2773"},{"taxonomy":"post_tag","embeddable":true,"href":"https:\/\/ff-nendorf-frestorf.de\/en\/wp-json\/wp\/v2\/tags?post=2773"},{"taxonomy":"einsatzart","embeddable":true,"href":"https:\/\/ff-nendorf-frestorf.de\/en\/wp-json\/wp\/v2\/einsatzart?post=2773"},{"taxonomy":"fahrzeug","embeddable":true,"href":"https:\/\/ff-nendorf-frestorf.de\/en\/wp-json\/wp\/v2\/fahrzeug?post=2773"},{"taxonomy":"exteinsatzmittel","embeddable":true,"href":"https:\/\/ff-nendorf-frestorf.de\/en\/wp-json\/wp\/v2\/exteinsatzmittel?post=2773"},{"taxonomy":"alarmierungsart","embeddable":true,"href":"https:\/\/ff-nendorf-frestorf.de\/en\/wp-json\/wp\/v2\/alarmierungsart?post=2773"},{"taxonomy":"evw_unit","embeddable":true,"href":"https:\/\/ff-nendorf-frestorf.de\/en\/wp-json\/wp\/v2\/evw_unit?post=2773"}],"curies":[{"name":"wp","href":"https:\/\/api.w.org\/{rel}","templated":true}]}}

Tiefbauunfall, Person verschüttet

<p class="wp-block-paragraph">Wir wurden am Samstagabend um 18:11 Uhr zu einem Tiefbauunfall mit einer Verschütteten Person alarmiert. Auf nähere Informationen von unserer Seite wird an dieser Stelle verzichtet.</p>



<hr class="wp-block-separator has-alpha-channel-opacity is-style-wide"/>



<p class="wp-block-paragraph"><strong>Für weitere Informationen folgen Sie bitte dem Link:</strong></p>



<p class="wp-block-paragraph"><a href="https://www.spiegel.de/panorama/landkreis-nienburg-hofbesitzer-faellt-in-kornsilo-und-stirbt-a-823e0305-869d-4d60-bcc5-865ed3f43576">https://www.spiegel.de/panorama/landkreis-nienburg-hofbesitzer-faellt-in-kornsilo-und-stirbt-a-823e0305-869d-4d60-bcc5-865ed3f43576</a></p>

<p>Wir wurden am Samstagabend um 18:11 Uhr zu einem Tiefbauunfall mit einer Verschütteten Person alarmiert. Auf nähere Informationen von unserer Seite wird an dieser Stelle verzichtet. Für weitere Informationen folgen Sie bitte dem Link: https://www.spiegel.de/panorama/landkreis-nienburg-hofbesitzer-faellt-in-kornsilo-und-stirbt-a-823e0305-869d-4d60-bcc5-865ed3f43576</p>
