{"id":2771,"date":"2023-09-01T19:13:00","date_gmt":"2023-09-01T17:13:00","guid":{"rendered":"https:\/\/ff-nendorf-frestorf.de\/?post_type=einsatz&#038;p=2771"},"modified":"2024-03-28T18:12:17","modified_gmt":"2024-03-28T16:12:17","slug":"gasalarm-bestaetigt","status":"publish","type":"einsatz","link":"https:\/\/ff-nendorf-frestorf.de\/en\/einsatzberichte\/gasalarm-bestaetigt\/","title":{"rendered":"Gasalarm best\u00e4tigt"},"content":{"rendered":"<p class=\"wp-block-paragraph\">Unsere Kameraden der ELO wurden am Freitagabend gegen 19:13 Uhr zu einem best\u00e4tigtem Gasalarm nach Brokeloh alarmiert.<\/p>\n\n\n\n<p class=\"wp-block-paragraph\">Vor Ort unterst\u00fctzen sie den Einsatzleiter und koordinierten die anr\u00fcckenden Kr\u00e4fte. <br><br>Da es sich um einen Gefahrguteinsatz handelte kamen sowohl die Gefahrgutschutzgruppe (GSG) Mittelweser zum Einsatz. Unterst\u00fctzt wurden sie vom Gefahrgutzug des Landkreises Nienburg \/ Weser.<\/p>","protected":false},"excerpt":{"rendered":"<p>Unsere Kameraden der ELO wurden am Freitagabend gegen 19:13 Uhr zu einem best\u00e4tigtem Gasalarm nach Brokeloh alarmiert. Vor Ort unterst\u00fctzen sie den Einsatzleiter und koordinierten die anr\u00fcckenden Kr\u00e4fte. Da es sich um einen Gefahrguteinsatz handelte kamen sowohl die Gefahrgutschutzgruppe (GSG) Mittelweser zum Einsatz. Unterst\u00fctzt wurden sie vom Gefahrgutzug des Landkreises Nienburg \/ Weser.<\/p>","protected":false},"author":2,"featured_media":2359,"template":"","meta":{"einsatz_weight":1,"footnotes":""},"categories":[],"tags":[25],"einsatzart":[41],"fahrzeug":[37],"exteinsatzmittel":[78,77,42,92,79,46],"alarmierungsart":[33,34],"evw_unit":[123],"class_list":["post-2771","einsatz","type-einsatz","status-publish","has-post-thumbnail","hentry","tag-einsatz","einsatzart-elo","fahrzeug-mtw","exteinsatzmittel-elo-mittelweser","exteinsatzmittel-feuerwehr-brokeloh","exteinsatzmittel-gem-bm","exteinsatzmittel-gefahrgut-zug-lk-nienburg-weser","exteinsatzmittel-gsg-mittelweser","exteinsatzmittel-leiter-elo","alarmierungsart-dme","alarmierungsart-groupalarm","evw_unit-alarmgruppe-elo"],"blocksy_meta":[],"aioseo_notices":[],"_links":{"self":[{"href":"https:\/\/ff-nendorf-frestorf.de\/en\/wp-json\/wp\/v2\/einsatz\/2771","targetHints":{"allow":["GET"]}}],"collection":[{"href":"https:\/\/ff-nendorf-frestorf.de\/en\/wp-json\/wp\/v2\/einsatz"}],"about":[{"href":"https:\/\/ff-nendorf-frestorf.de\/en\/wp-json\/wp\/v2\/types\/einsatz"}],"author":[{"embeddable":true,"href":"https:\/\/ff-nendorf-frestorf.de\/en\/wp-json\/wp\/v2\/users\/2"}],"version-history":[{"count":3,"href":"https:\/\/ff-nendorf-frestorf.de\/en\/wp-json\/wp\/v2\/einsatz\/2771\/revisions"}],"predecessor-version":[{"id":2811,"href":"https:\/\/ff-nendorf-frestorf.de\/en\/wp-json\/wp\/v2\/einsatz\/2771\/revisions\/2811"}],"wp:featuredmedia":[{"embeddable":true,"href":"https:\/\/ff-nendorf-frestorf.de\/en\/wp-json\/wp\/v2\/media\/2359"}],"wp:attachment":[{"href":"https:\/\/ff-nendorf-frestorf.de\/en\/wp-json\/wp\/v2\/media?parent=2771"}],"wp:term":[{"taxonomy":"category","embeddable":true,"href":"https:\/\/ff-nendorf-frestorf.de\/en\/wp-json\/wp\/v2\/categories?post=2771"},{"taxonomy":"post_tag","embeddable":true,"href":"https:\/\/ff-nendorf-frestorf.de\/en\/wp-json\/wp\/v2\/tags?post=2771"},{"taxonomy":"einsatzart","embeddable":true,"href":"https:\/\/ff-nendorf-frestorf.de\/en\/wp-json\/wp\/v2\/einsatzart?post=2771"},{"taxonomy":"fahrzeug","embeddable":true,"href":"https:\/\/ff-nendorf-frestorf.de\/en\/wp-json\/wp\/v2\/fahrzeug?post=2771"},{"taxonomy":"exteinsatzmittel","embeddable":true,"href":"https:\/\/ff-nendorf-frestorf.de\/en\/wp-json\/wp\/v2\/exteinsatzmittel?post=2771"},{"taxonomy":"alarmierungsart","embeddable":true,"href":"https:\/\/ff-nendorf-frestorf.de\/en\/wp-json\/wp\/v2\/alarmierungsart?post=2771"},{"taxonomy":"evw_unit","embeddable":true,"href":"https:\/\/ff-nendorf-frestorf.de\/en\/wp-json\/wp\/v2\/evw_unit?post=2771"}],"curies":[{"name":"wp","href":"https:\/\/api.w.org\/{rel}","templated":true}]}}

Gasalarm bestätigt

<p class="wp-block-paragraph">Unsere Kameraden der ELO wurden am Freitagabend gegen 19:13 Uhr zu einem bestätigtem Gasalarm nach Brokeloh alarmiert.</p>



<p class="wp-block-paragraph">Vor Ort unterstützen sie den Einsatzleiter und koordinierten die anrückenden Kräfte. <br><br>Da es sich um einen Gefahrguteinsatz handelte kamen sowohl die Gefahrgutschutzgruppe (GSG) Mittelweser zum Einsatz. Unterstützt wurden sie vom Gefahrgutzug des Landkreises Nienburg / Weser.</p>

<p>Unsere Kameraden der ELO wurden am Freitagabend gegen 19:13 Uhr zu einem bestätigtem Gasalarm nach Brokeloh alarmiert. Vor Ort unterstützen sie den Einsatzleiter und koordinierten die anrückenden Kräfte. Da es sich um einen Gefahrguteinsatz handelte kamen sowohl die Gefahrgutschutzgruppe (GSG) Mittelweser zum Einsatz. Unterstützt wurden sie vom Gefahrgutzug des Landkreises Nienburg / Weser.</p>
