{"id":2760,"date":"2023-09-01T07:41:00","date_gmt":"2023-09-01T05:41:00","guid":{"rendered":"https:\/\/ff-nendorf-frestorf.de\/?post_type=einsatz&#038;p=2760"},"modified":"2024-01-28T23:12:49","modified_gmt":"2024-01-28T21:12:49","slug":"feuer-landwirtschaftliches-anwesen-mittel-2","status":"publish","type":"einsatz","link":"https:\/\/ff-nendorf-frestorf.de\/en\/einsatzberichte\/feuer-landwirtschaftliches-anwesen-mittel-2\/","title":{"rendered":"Feuer Landwirtschaftliches Anwesen mittel"},"content":{"rendered":"<p class=\"wp-block-paragraph\">Am Freitagmorgen gegen 07:41 Uhr wurden die Kameraden der Einsatz Leitung Ort zu einem Feuer auf einem  landwirtschaftlichen Anwesen alarmiert. Je\u00addoch wurde der Einsatz f\u00fcr die ELO schon auf der Anfahrt abgebrochen.<\/p>\n\n\n\n<hr class=\"wp-block-separator has-alpha-channel-opacity is-style-wide\"\/>\n\n\n\n<h3 class=\"wp-block-heading\">FEUER IM STALL SCHNELL GEL\u00d6SCHT.<\/h3>\n\n\n\n<p class=\"wp-block-paragraph\">01.09.2023 \/ Stolzenau\/Schinna<\/p>\n\n\n\n<p class=\"wp-block-paragraph\"><strong>Eine brennende Folie welche als Au\u00dfenwand eines Stallgeb\u00e4udes, ab einer H\u00f6he von 2,5 m dient, hatte auf eine L\u00e4nge von ca. 12 m Feuer gefangen.<\/strong><\/p>\n\n\n\n<p class=\"wp-block-paragraph\">Die Alarmierung \u201eGeb\u00e4udebrand landwirtschaftliches Anwesen mittel\u201c setzte am Freitag kurz vor 8 Uhr die Feuerwehren Schinna, Anemolter, Holzhausen, Stolzenau, Steyerberg und die ELO in Bewegung.<\/p>\n\n\n\n<p class=\"wp-block-paragraph\">Das Feuer wurde schnell gel\u00f6scht. Im Brandeinsatz waren die Feuerwehren Schinna und Anemolter. Die Feuerwehren Stolzenau und Steyerberg brachten noch ihre Hochdruckl\u00fcfter zum Einsatz um den Stall rauchfrei zu machen.<\/p>\n\n\n\n<p class=\"wp-block-paragraph\">Von den Schweinen im Stall wurde keines verletzt.<\/p>\n\n\n\n<p class=\"wp-block-paragraph\">Unter der Leitung von Schinnas Ortsbrandmeister Uwe D\u00f6rge waren 42 Einsatzkr\u00e4fte mit 8 Fahrzeugen im Einsatz.<\/p>\n\n\n\n<p class=\"wp-block-paragraph\">Die Anemolter Stra\u00dfe war f\u00fcr die Einsatzdauer von 45 Minuten halbseitig gesperrt.<\/p>\n\n\n\n<p class=\"wp-block-paragraph\">Die Polizei und der Rettungsdienst waren ebenfalls vor Ort.<\/p>\n\n\n\n<p class=\"wp-block-paragraph\"><strong>Text: Uwe Witte, Pressesprecher der Feuerwehren der Samtgemeinde Mittelweser<\/strong><\/p>\n\n\n\n<figure class=\"wp-block-image size-large\"><img data-dominant-color=\"8f8179\" data-has-transparency=\"false\" style=\"--dominant-color: #8f8179;\" loading=\"lazy\" decoding=\"async\" width=\"1024\" height=\"768\" src=\"https:\/\/ff-nendorf-frestorf.de\/wp-content\/uploads\/2024\/01\/nemolter-Stall-1024x768.webp\" alt=\"Einsatzkr\u00e4fte l\u00f6schen den gemeldeten Brand an einem Stall.\" class=\"wp-image-2758 not-transparent\" srcset=\"https:\/\/ff-nendorf-frestorf.de\/wp-content\/uploads\/2024\/01\/nemolter-Stall-1024x768.webp 1024w, https:\/\/ff-nendorf-frestorf.de\/wp-content\/uploads\/2024\/01\/nemolter-Stall-300x225.webp 300w, https:\/\/ff-nendorf-frestorf.de\/wp-content\/uploads\/2024\/01\/nemolter-Stall-768x576.webp 768w, https:\/\/ff-nendorf-frestorf.de\/wp-content\/uploads\/2024\/01\/nemolter-Stall-1536x1152.webp 1536w, https:\/\/ff-nendorf-frestorf.de\/wp-content\/uploads\/2024\/01\/nemolter-Stall-16x12.webp 16w, https:\/\/ff-nendorf-frestorf.de\/wp-content\/uploads\/2024\/01\/nemolter-Stall-200x150.webp 200w, https:\/\/ff-nendorf-frestorf.de\/wp-content\/uploads\/2024\/01\/nemolter-Stall-jpg.webp 2000w\" sizes=\"auto, (max-width: 1024px) 100vw, 1024px\" \/><figcaption class=\"wp-element-caption\">\u00a9 Uwe Witte, Pressesprecher der Feuerwehren der Samtgemeinde Mittelweser<\/figcaption><\/figure>\n\n\n\n<p class=\"wp-block-paragraph\"><strong>Originalbeitrag:<\/strong><\/p>\n\n\n\n<p class=\"wp-block-paragraph\"><a href=\"https:\/\/www.kfv-nienburg.de\/portal\/meldungen\/feuer-im-stall-schnell-geloescht--3896-1869.html?rubrik=1002\">Feuer im Stall schnell gel\u00f6scht. | Kreisfeuerwehrverband LK Nienburg\/Weser (kfv-nienburg.de)<\/a><\/p>","protected":false},"excerpt":{"rendered":"<p>Am Freitagmorgen gegen 07:41 Uhr wurden die Kameraden der Einsatz Leitung Ort zu einem Feuer auf einem landwirtschaftlichen Anwesen alarmiert. Je\u00addoch wurde der Einsatz f\u00fcr die ELO schon auf der Anfahrt abgebrochen. FEUER IM STALL SCHNELL GEL\u00d6SCHT. 01.09.2023 \/ Stolzenau\/Schinna Eine brennende Folie welche als Au\u00dfenwand eines Stallgeb\u00e4udes, ab einer H\u00f6he von 2,5 m dient, [&hellip;]<\/p>\n","protected":false},"author":5,"featured_media":2758,"template":"","meta":{"einsatz_weight":1,"footnotes":""},"categories":[],"tags":[25],"einsatzart":[41],"fahrzeug":[37],"exteinsatzmittel":[78,69,81,70,137,42,46,87,88,44],"alarmierungsart":[33,34],"evw_unit":[123],"class_list":["post-2760","einsatz","type-einsatz","status-publish","has-post-thumbnail","hentry","tag-einsatz","einsatzart-elo","fahrzeug-mtw","exteinsatzmittel-elo-mittelweser","exteinsatzmittel-feuerwehr-anemolter","exteinsatzmittel-feuerwehr-holzhausen","exteinsatzmittel-feuerwehr-schinna","exteinsatzmittel-feuerwehr-steyerberg","exteinsatzmittel-gem-bm","exteinsatzmittel-leiter-elo","exteinsatzmittel-polizei","exteinsatzmittel-rettungsdienst","exteinsatzmittel-stv-gem-bm-west","alarmierungsart-dme","alarmierungsart-groupalarm","evw_unit-alarmgruppe-elo"],"blocksy_meta":[],"aioseo_notices":[],"_links":{"self":[{"href":"https:\/\/ff-nendorf-frestorf.de\/en\/wp-json\/wp\/v2\/einsatz\/2760","targetHints":{"allow":["GET"]}}],"collection":[{"href":"https:\/\/ff-nendorf-frestorf.de\/en\/wp-json\/wp\/v2\/einsatz"}],"about":[{"href":"https:\/\/ff-nendorf-frestorf.de\/en\/wp-json\/wp\/v2\/types\/einsatz"}],"author":[{"embeddable":true,"href":"https:\/\/ff-nendorf-frestorf.de\/en\/wp-json\/wp\/v2\/users\/5"}],"version-history":[{"count":4,"href":"https:\/\/ff-nendorf-frestorf.de\/en\/wp-json\/wp\/v2\/einsatz\/2760\/revisions"}],"predecessor-version":[{"id":2796,"href":"https:\/\/ff-nendorf-frestorf.de\/en\/wp-json\/wp\/v2\/einsatz\/2760\/revisions\/2796"}],"wp:featuredmedia":[{"embeddable":true,"href":"https:\/\/ff-nendorf-frestorf.de\/en\/wp-json\/wp\/v2\/media\/2758"}],"wp:attachment":[{"href":"https:\/\/ff-nendorf-frestorf.de\/en\/wp-json\/wp\/v2\/media?parent=2760"}],"wp:term":[{"taxonomy":"category","embeddable":true,"href":"https:\/\/ff-nendorf-frestorf.de\/en\/wp-json\/wp\/v2\/categories?post=2760"},{"taxonomy":"post_tag","embeddable":true,"href":"https:\/\/ff-nendorf-frestorf.de\/en\/wp-json\/wp\/v2\/tags?post=2760"},{"taxonomy":"einsatzart","embeddable":true,"href":"https:\/\/ff-nendorf-frestorf.de\/en\/wp-json\/wp\/v2\/einsatzart?post=2760"},{"taxonomy":"fahrzeug","embeddable":true,"href":"https:\/\/ff-nendorf-frestorf.de\/en\/wp-json\/wp\/v2\/fahrzeug?post=2760"},{"taxonomy":"exteinsatzmittel","embeddable":true,"href":"https:\/\/ff-nendorf-frestorf.de\/en\/wp-json\/wp\/v2\/exteinsatzmittel?post=2760"},{"taxonomy":"alarmierungsart","embeddable":true,"href":"https:\/\/ff-nendorf-frestorf.de\/en\/wp-json\/wp\/v2\/alarmierungsart?post=2760"},{"taxonomy":"evw_unit","embeddable":true,"href":"https:\/\/ff-nendorf-frestorf.de\/en\/wp-json\/wp\/v2\/evw_unit?post=2760"}],"curies":[{"name":"wp","href":"https:\/\/api.w.org\/{rel}","templated":true}]}}

<p class="wp-block-paragraph">Am Freitagmorgen gegen 07:41 Uhr wurden die Kameraden der Einsatz Leitung Ort zu einem Feuer auf einem  landwirtschaftlichen Anwesen alarmiert. Je­doch wurde der Einsatz für die ELO schon auf der Anfahrt abgebrochen.</p>



<hr class="wp-block-separator has-alpha-channel-opacity is-style-wide"/>



<h3 class="wp-block-heading">FEUER IM STALL SCHNELL GELÖSCHT.</h3>



<p class="wp-block-paragraph">01.09.2023 / Stolzenau/Schinna</p>



<p class="wp-block-paragraph"><strong>Eine brennende Folie welche als Außenwand eines Stallgebäudes, ab einer Höhe von 2,5 m dient, hatte auf eine Länge von ca. 12 m Feuer gefangen.</strong></p>



<p class="wp-block-paragraph">Die Alarmierung „Gebäudebrand landwirtschaftliches Anwesen mittel“ setzte am Freitag kurz vor 8 Uhr die Feuerwehren Schinna, Anemolter, Holzhausen, Stolzenau, Steyerberg und die ELO in Bewegung.</p>



<p class="wp-block-paragraph">Das Feuer wurde schnell gelöscht. Im Brandeinsatz waren die Feuerwehren Schinna und Anemolter. Die Feuerwehren Stolzenau und Steyerberg brachten noch ihre Hochdrucklüfter zum Einsatz um den Stall rauchfrei zu machen.</p>



<p class="wp-block-paragraph">Von den Schweinen im Stall wurde keines verletzt.</p>



<p class="wp-block-paragraph">Unter der Leitung von Schinnas Ortsbrandmeister Uwe Dörge waren 42 Einsatzkräfte mit 8 Fahrzeugen im Einsatz.</p>



<p class="wp-block-paragraph">Die Anemolter Straße war für die Einsatzdauer von 45 Minuten halbseitig gesperrt.</p>



<p class="wp-block-paragraph">Die Polizei und der Rettungsdienst waren ebenfalls vor Ort.</p>



<p class="wp-block-paragraph"><strong>Text: Uwe Witte, Pressesprecher der Feuerwehren der Samtgemeinde Mittelweser</strong></p>



<figure class="wp-block-image size-large"><img data-dominant-color="8f8179" data-has-transparency="false" style="--dominant-color: #8f8179;" loading="lazy" decoding="async" width="1024" height="768" src="https://ff-nendorf-frestorf.de/wp-content/uploads/2024/01/nemolter-Stall-1024x768.webp" alt="Einsatzkräfte löschen den gemeldeten Brand an einem Stall." class="wp-image-2758 not-transparent" srcset="https://ff-nendorf-frestorf.de/wp-content/uploads/2024/01/nemolter-Stall-1024x768.webp 1024w, https://ff-nendorf-frestorf.de/wp-content/uploads/2024/01/nemolter-Stall-300x225.webp 300w, https://ff-nendorf-frestorf.de/wp-content/uploads/2024/01/nemolter-Stall-768x576.webp 768w, https://ff-nendorf-frestorf.de/wp-content/uploads/2024/01/nemolter-Stall-1536x1152.webp 1536w, https://ff-nendorf-frestorf.de/wp-content/uploads/2024/01/nemolter-Stall-16x12.webp 16w, https://ff-nendorf-frestorf.de/wp-content/uploads/2024/01/nemolter-Stall-200x150.webp 200w, https://ff-nendorf-frestorf.de/wp-content/uploads/2024/01/nemolter-Stall-jpg.webp 2000w" sizes="auto, (max-width: 1024px) 100vw, 1024px" /><figcaption class="wp-element-caption">© Uwe Witte, Pressesprecher der Feuerwehren der Samtgemeinde Mittelweser</figcaption></figure>



<p class="wp-block-paragraph"><strong>Originalbeitrag:</strong></p>



<p class="wp-block-paragraph"><a href="https://www.kfv-nienburg.de/portal/meldungen/feuer-im-stall-schnell-geloescht--3896-1869.html?rubrik=1002">Feuer im Stall schnell gelöscht. | Kreisfeuerwehrverband LK Nienburg/Weser (kfv-nienburg.de)</a></p>

<p>Am Freitagmorgen gegen 07:41 Uhr wurden die Kameraden der Einsatz Leitung Ort zu einem Feuer auf einem landwirtschaftlichen Anwesen alarmiert. Je­doch wurde der Einsatz für die ELO schon auf der Anfahrt abgebrochen. FEUER IM STALL SCHNELL GELÖSCHT. 01.09.2023 / Stolzenau/Schinna Eine brennende Folie welche als Außenwand eines Stallgebäudes, ab einer Höhe von 2,5 m dient, [&hellip;]</p>
